CRAN Package Check Results for Package snap

Last updated on 2025-10-22 09:50:52 CEST.

Flavor Version Tinstall Tcheck Ttotal Status Flags
r-devel-linux-x86_64-debian-clang 1.1.0 11.76 99.23 110.99 NOTE
r-devel-linux-x86_64-debian-gcc 1.1.0 9.16 71.51 80.67 NOTE
r-devel-linux-x86_64-fedora-clang 1.1.0 57.00 125.82 182.82 OK
r-devel-linux-x86_64-fedora-gcc 1.1.0 26.00 130.72 156.72 OK
r-devel-windows-x86_64 1.1.0 14.00 115.00 129.00 OK
r-patched-linux-x86_64 1.1.0 12.69 93.50 106.19 OK
r-release-linux-x86_64 1.1.0 12.74 92.47 105.21 OK
r-release-macos-arm64 1.1.0 5.00 35.00 40.00 OK
r-release-macos-x86_64 1.1.0 11.00 69.00 80.00 OK
r-release-windows-x86_64 1.1.0 15.00 97.00 112.00 OK
r-oldrel-macos-arm64 1.1.0 4.00 35.00 39.00 OK
r-oldrel-macos-x86_64 1.1.0 7.00 55.00 62.00 OK
r-oldrel-windows-x86_64 1.1.0 18.00 120.00 138.00 OK

Check Details

Version: 1.1.0
Check: CRAN incoming feasibility
Result: NOTE Maintainer: ‘Giancarlo Vercellino <giancarlo.vercellino@gmail.com>’ No Authors@R field in DESCRIPTION. Please add one, modifying Authors@R: person(given = "Giancarlo", family = "Vercellino", role = c("aut", "cre"), email = "giancarlo.vercellino@gmail.com") as necessary. Flavors: r-devel-linux-x86_64-debian-clang, r-devel-linux-x86_64-debian-gcc