Last updated on 2025-07-04 09:50:05 CEST.
Flavor | Version | Tinstall | Tcheck | Ttotal | Status | Flags |
---|---|---|---|---|---|---|
r-devel-linux-x86_64-debian-clang | 0.11 | 13.05 | 109.06 | 122.11 | NOTE | |
r-devel-linux-x86_64-debian-gcc | 0.11 | 8.49 | 69.70 | 78.19 | NOTE | |
r-devel-linux-x86_64-fedora-clang | 0.11 | 181.69 | NOTE | |||
r-devel-linux-x86_64-fedora-gcc | 0.11 | 161.96 | NOTE | |||
r-devel-windows-x86_64 | 0.11 | 14.00 | 120.00 | 134.00 | NOTE | |
r-patched-linux-x86_64 | 0.11 | 15.68 | 95.15 | 110.83 | NOTE | |
r-release-linux-x86_64 | 0.11 | 12.29 | 93.85 | 106.14 | NOTE | |
r-release-macos-arm64 | 0.11 | 59.00 | NOTE | |||
r-release-macos-x86_64 | 0.11 | 94.00 | NOTE | |||
r-release-windows-x86_64 | 0.11 | 14.00 | 120.00 | 134.00 | NOTE | |
r-oldrel-macos-arm64 | 0.11 | 53.00 | OK | |||
r-oldrel-macos-x86_64 | 0.11 | 118.00 | OK | |||
r-oldrel-windows-x86_64 | 0.11 | 18.00 | 145.00 | 163.00 | OK |
Version: 0.11
Check: DESCRIPTION meta-information
Result: NOTE
Missing dependency on R >= 4.1.0 because package code uses the pipe
|> or function shorthand \(...) syntax added in R 4.1.0.
File(s) using such syntax:
‘meteoReaders.R’
Flavors: r-devel-linux-x86_64-debian-clang, r-devel-linux-x86_64-debian-gcc, r-devel-linux-x86_64-fedora-clang, r-devel-linux-x86_64-fedora-gcc, r-devel-windows-x86_64, r-patched-linux-x86_64, r-release-linux-x86_64, r-release-macos-arm64, r-release-macos-x86_64, r-release-windows-x86_64