CRAN Package Check Results for Package spFW

Last updated on 2025-07-04 09:50:05 CEST.

Flavor Version Tinstall Tcheck Ttotal Status Flags
r-devel-linux-x86_64-debian-clang 0.1.0 44.07 48.79 92.86 NOTE
r-devel-linux-x86_64-debian-gcc 0.1.0 28.77 32.41 61.18 NOTE
r-devel-linux-x86_64-fedora-clang 0.1.0 174.23 NOTE
r-devel-linux-x86_64-fedora-gcc 0.1.0 141.47 NOTE
r-devel-windows-x86_64 0.1.0 51.00 87.00 138.00 NOTE
r-patched-linux-x86_64 0.1.0 42.20 45.79 87.99 NOTE
r-release-linux-x86_64 0.1.0 39.13 45.99 85.12 NOTE
r-release-macos-arm64 0.1.0 38.00 NOTE
r-release-macos-x86_64 0.1.0 66.00 NOTE
r-release-windows-x86_64 0.1.0 52.00 88.00 140.00 NOTE
r-oldrel-macos-arm64 0.1.0 40.00 NOTE
r-oldrel-macos-x86_64 0.1.0 55.00 NOTE
r-oldrel-windows-x86_64 0.1.0 64.00 104.00 168.00 NOTE

Check Details

Version: 0.1.0
Check: CRAN incoming feasibility
Result: NOTE Maintainer: ‘Xingche Guo <xguo@iastate.edu>’ No Authors@R field in DESCRIPTION. Please add one, modifying Authors@R: person(given = "Xingche", family = "Guo", role = c("aut", "cre"), email = "xguo@iastate.edu") as necessary. Flavors: r-devel-linux-x86_64-debian-clang, r-devel-linux-x86_64-debian-gcc

Version: 0.1.0
Check: C++ specification
Result: NOTE Specified C++11: please drop specification unless essential Flavors: r-devel-linux-x86_64-debian-clang, r-devel-linux-x86_64-debian-gcc, r-devel-linux-x86_64-fedora-clang, r-devel-linux-x86_64-fedora-gcc, r-devel-windows-x86_64, r-patched-linux-x86_64, r-release-linux-x86_64, r-release-macos-arm64, r-release-macos-x86_64, r-release-windows-x86_64, r-oldrel-macos-arm64, r-oldrel-macos-x86_64, r-oldrel-windows-x86_64