Last updated on 2025-10-22 09:50:53 CEST.
Flavor | Version | Tinstall | Tcheck | Ttotal | Status | Flags |
---|---|---|---|---|---|---|
r-devel-linux-x86_64-debian-clang | 0.2.1 | 6.24 | 101.08 | 107.32 | NOTE | |
r-devel-linux-x86_64-debian-gcc | 0.2.1 | 4.09 | 72.82 | 76.91 | NOTE | |
r-devel-linux-x86_64-fedora-clang | 0.2.1 | 26.00 | 142.77 | 168.77 | OK | |
r-devel-linux-x86_64-fedora-gcc | 0.2.1 | 12.00 | 153.06 | 165.06 | OK | |
r-devel-windows-x86_64 | 0.2.1 | 9.00 | 119.00 | 128.00 | OK | |
r-patched-linux-x86_64 | 0.2.1 | 6.62 | 94.04 | 100.66 | OK | |
r-release-linux-x86_64 | 0.2.1 | 5.56 | 93.97 | 99.53 | OK | |
r-release-macos-arm64 | 0.2.1 | 3.00 | 48.00 | 51.00 | OK | |
r-release-macos-x86_64 | 0.2.1 | 8.00 | 103.00 | 111.00 | OK | |
r-release-windows-x86_64 | 0.2.1 | 11.00 | 121.00 | 132.00 | OK | |
r-oldrel-macos-arm64 | 0.2.1 | 3.00 | 60.00 | 63.00 | OK | |
r-oldrel-macos-x86_64 | 0.2.1 | 8.00 | 109.00 | 117.00 | OK | |
r-oldrel-windows-x86_64 | 0.2.1 | 11.00 | 146.00 | 157.00 | OK |
Version: 0.2.1
Check: HTML version of manual
Result: NOTE
Found the following HTML validation problems:
spod_assert_package.html:79:1 (spod_assert_package.Rd:33): Warning: missing </ul> before </div>
Flavors: r-devel-linux-x86_64-debian-clang, r-devel-linux-x86_64-debian-gcc