CRAN Package Check Results for Package sparseHessianFD

Last updated on 2025-10-22 09:50:53 CEST.

Flavor Version Tinstall Tcheck Ttotal Status Flags
r-devel-linux-x86_64-debian-clang 0.3.3.7 22.13 82.90 105.03 NOTE
r-devel-linux-x86_64-debian-gcc 0.3.3.7 14.89 61.86 76.75 NOTE
r-devel-linux-x86_64-fedora-clang 0.3.3.7 139.00 39.88 178.88 NOTE
r-devel-linux-x86_64-fedora-gcc 0.3.3.7 53.00 119.42 172.42 NOTE
r-devel-windows-x86_64 0.3.3.7 28.00 126.00 154.00 NOTE
r-patched-linux-x86_64 0.3.3.7 19.64 79.63 99.27 NOTE
r-release-linux-x86_64 0.3.3.7 23.30 79.91 103.21 NOTE
r-release-macos-arm64 0.3.3.7 12.00 58.00 70.00 NOTE
r-release-macos-x86_64 0.3.3.7 18.00 93.00 111.00 NOTE
r-release-windows-x86_64 0.3.3.7 28.00 134.00 162.00 NOTE
r-oldrel-macos-arm64 0.3.3.7 12.00 45.00 57.00 NOTE
r-oldrel-macos-x86_64 0.3.3.7 13.00 74.00 87.00 NOTE
r-oldrel-windows-x86_64 0.3.3.7 34.00 152.00 186.00 NOTE

Check Details

Version: 0.3.3.7
Check: C++ specification
Result: NOTE Specified C++11: please drop specification unless essential Flavors: r-devel-linux-x86_64-debian-clang, r-devel-linux-x86_64-debian-gcc, r-devel-linux-x86_64-fedora-clang, r-devel-linux-x86_64-fedora-gcc, r-devel-windows-x86_64, r-patched-linux-x86_64, r-release-linux-x86_64, r-release-macos-arm64, r-release-macos-x86_64, r-release-windows-x86_64, r-oldrel-macos-arm64, r-oldrel-macos-x86_64, r-oldrel-windows-x86_64

Version: 0.3.3.7
Check: Rd files
Result: NOTE checkRd: (-1) Coord.to.Pointers.Rd:54: Lost braces; missing escapes or markup? 54 | \item{triangle=TRUE}{Input \code{rows} and {cols} represent lower | ^ checkRd: (-1) Coord.to.Pointers.Rd:59: Lost braces; missing escapes or markup? 59 | \item{triangle=FALSE}{Input \code{rows} and {cols} represent a full | ^ Flavors: r-devel-linux-x86_64-debian-clang, r-devel-linux-x86_64-debian-gcc, r-devel-linux-x86_64-fedora-clang, r-devel-linux-x86_64-fedora-gcc, r-devel-windows-x86_64, r-patched-linux-x86_64, r-release-linux-x86_64, r-release-macos-arm64, r-release-macos-x86_64, r-release-windows-x86_64, r-oldrel-macos-arm64, r-oldrel-macos-x86_64, r-oldrel-windows-x86_64