Last updated on 2025-10-22 09:50:53 CEST.
Flavor | Version | Tinstall | Tcheck | Ttotal | Status | Flags |
---|---|---|---|---|---|---|
r-devel-linux-x86_64-debian-clang | 1.0.2 | 31.79 | 40.65 | 72.44 | NOTE | |
r-devel-linux-x86_64-debian-gcc | 1.0.2 | 26.22 | 33.35 | 59.57 | NOTE | |
r-devel-linux-x86_64-fedora-clang | 1.0.2 | 143.00 | -8.35 | 134.65 | NOTE | |
r-devel-linux-x86_64-fedora-gcc | 1.0.2 | 96.00 | 53.86 | 149.86 | NOTE | |
r-devel-windows-x86_64 | 1.0.2 | 44.00 | 77.00 | 121.00 | NOTE | |
r-patched-linux-x86_64 | 1.0.2 | 36.11 | 39.30 | 75.41 | NOTE | |
r-release-linux-x86_64 | 1.0.2 | 37.07 | 39.80 | 76.87 | NOTE | |
r-release-macos-arm64 | 1.0.2 | 16.00 | 30.00 | 46.00 | NOTE | |
r-release-macos-x86_64 | 1.0.2 | 23.00 | 66.00 | 89.00 | NOTE | |
r-release-windows-x86_64 | 1.0.2 | 46.00 | 87.00 | 133.00 | NOTE | |
r-oldrel-macos-arm64 | 1.0.2 | 18.00 | 30.00 | 48.00 | NOTE | |
r-oldrel-macos-x86_64 | 1.0.2 | 20.00 | 42.00 | 62.00 | NOTE | |
r-oldrel-windows-x86_64 | 1.0.2 | 50.00 | 98.00 | 148.00 | NOTE |
Version: 1.0.2
Check: C++ specification
Result: NOTE
Specified C++11: please drop specification unless essential
Flavors: r-devel-linux-x86_64-debian-clang, r-devel-linux-x86_64-debian-gcc, r-devel-linux-x86_64-fedora-clang, r-devel-linux-x86_64-fedora-gcc, r-devel-windows-x86_64, r-patched-linux-x86_64, r-release-linux-x86_64, r-release-macos-arm64, r-release-macos-x86_64, r-release-windows-x86_64, r-oldrel-macos-arm64, r-oldrel-macos-x86_64, r-oldrel-windows-x86_64
Version: 1.0.2
Check: installed package size
Result: NOTE
installed size is 6.9Mb
sub-directories of 1Mb or more:
libs 6.6Mb
Flavors: r-oldrel-macos-arm64, r-oldrel-macos-x86_64