Last updated on 2025-10-22 09:50:53 CEST.
Flavor | Version | Tinstall | Tcheck | Ttotal | Status | Flags |
---|---|---|---|---|---|---|
r-devel-linux-x86_64-debian-clang | 0.7.1 | 26.83 | 265.90 | 292.73 | NOTE | |
r-devel-linux-x86_64-debian-gcc | 0.7.1 | 18.34 | 164.17 | 182.51 | NOTE | |
r-devel-linux-x86_64-fedora-clang | 0.7.1 | 154.00 | 313.66 | 467.66 | OK | |
r-devel-linux-x86_64-fedora-gcc | 0.7.1 | 65.00 | 381.25 | 446.25 | OK | |
r-devel-windows-x86_64 | 0.7.1 | 27.00 | 223.00 | 250.00 | OK | |
r-patched-linux-x86_64 | 0.7.1 | 24.91 | 250.26 | 275.17 | OK | |
r-release-linux-x86_64 | 0.7.1 | 28.27 | 249.41 | 277.68 | OK | |
r-release-macos-arm64 | 0.7.1 | 12.00 | 92.00 | 104.00 | OK | |
r-release-macos-x86_64 | 0.7.1 | 25.00 | 208.00 | 233.00 | OK | |
r-release-windows-x86_64 | 0.7.1 | 27.00 | 204.00 | 231.00 | OK | |
r-oldrel-macos-arm64 | 0.7.1 | 11.00 | 84.00 | 95.00 | OK | |
r-oldrel-macos-x86_64 | 0.7.1 | 37.00 | 152.00 | 189.00 | OK | |
r-oldrel-windows-x86_64 | 0.7.1 | 39.00 | 281.00 | 320.00 | OK |
Version: 0.7.1
Check: HTML version of manual
Result: NOTE
Found the following HTML validation problems:
extent.html:52:1 (extent.Rd:14): Warning: missing </ul> before </div>
Flavors: r-devel-linux-x86_64-debian-clang, r-devel-linux-x86_64-debian-gcc