Last updated on 2025-10-21 09:48:48 CEST.
Flavor | Version | Tinstall | Tcheck | Ttotal | Status | Flags |
---|---|---|---|---|---|---|
r-devel-linux-x86_64-debian-clang | 1.0.3 | 16.73 | 173.65 | 190.38 | NOTE | |
r-devel-linux-x86_64-debian-gcc | 1.0.3 | 11.29 | 122.26 | 133.55 | NOTE | |
r-devel-linux-x86_64-fedora-clang | 1.0.3 | 262.90 | OK | |||
r-devel-linux-x86_64-fedora-gcc | 1.0.3 | 288.57 | OK | |||
r-devel-windows-x86_64 | 1.0.3 | 20.00 | 170.00 | 190.00 | OK | |
r-patched-linux-x86_64 | 1.0.3 | 17.74 | 161.49 | 179.23 | OK | |
r-release-linux-x86_64 | 1.0.3 | 16.08 | 163.80 | 179.88 | OK | |
r-release-macos-arm64 | 1.0.3 | 72.00 | OK | |||
r-release-macos-x86_64 | 1.0.3 | 139.00 | OK | |||
r-release-windows-x86_64 | 1.0.3 | 20.00 | 174.00 | 194.00 | OK | |
r-oldrel-macos-arm64 | 1.0.3 | 76.00 | OK | |||
r-oldrel-macos-x86_64 | 1.0.3 | 113.00 | OK | |||
r-oldrel-windows-x86_64 | 1.0.3 | 25.00 | 222.00 | 247.00 | OK |
Version: 1.0.3
Check: CRAN incoming feasibility
Result: NOTE
Maintainer: ‘Kelli F. Johnson <kelli.johnson@noaa.gov>’
Package CITATION file contains call(s) to old-style personList() or
as.personList(). Please use c() on person objects instead.
Package CITATION file contains call(s) to old-style citEntry(). Please
use bibentry() instead.
Flavors: r-devel-linux-x86_64-debian-clang, r-devel-linux-x86_64-debian-gcc
Version: 1.0.3
Check: HTML version of manual
Result: NOTE
Found the following HTML validation problems:
check_data.html:46:1 (check_data.Rd:10): Warning: missing </ul> before </div>
check_data_str_range.html:52:1 (check_data_str_range.Rd:13): Warning: missing </ul> before </div>
get_args.html:48:1 (get_args.Rd:11): Warning: missing </ul> before </div>
get_bin_info.html:47:1 (get_bin_info.Rd:10): Warning: missing </ul> before </div>
get_caseval.html:51:1 (get_caseval.Rd:13): Warning: missing </ul> before </div>
get_ss_ver_dl.html:49:1 (get_ss_ver_dl.Rd:12): Warning: missing </ul> before </div>
get_ss_ver_file.html:47:1 (get_ss_ver_file.Rd:10): Warning: missing </ul> before </div>
Flavor: r-devel-linux-x86_64-debian-gcc