Last updated on 2025-10-22 09:50:53 CEST.
Flavor | Version | Tinstall | Tcheck | Ttotal | Status | Flags |
---|---|---|---|---|---|---|
r-devel-linux-x86_64-debian-clang | 2.4.0 | 93.72 | 401.55 | 495.27 | NOTE | |
r-devel-linux-x86_64-debian-gcc | 2.4.0 | 81.83 | 275.25 | 357.08 | NOTE | |
r-devel-linux-x86_64-fedora-clang | 2.4.0 | 218.00 | 532.23 | 750.23 | OK | |
r-devel-linux-x86_64-fedora-gcc | 2.4.0 | 285.00 | 522.22 | 807.22 | OK | |
r-devel-windows-x86_64 | 2.4.0 | 107.00 | 392.00 | 499.00 | OK | |
r-patched-linux-x86_64 | 2.4.0 | 113.82 | 380.51 | 494.33 | OK | |
r-release-linux-x86_64 | 2.4.0 | 107.72 | 380.17 | 487.89 | OK | |
r-release-macos-arm64 | 2.4.0 | 45.00 | 167.00 | 212.00 | OK | |
r-release-macos-x86_64 | 2.4.0 | 96.00 | 234.00 | 330.00 | OK | |
r-release-windows-x86_64 | 2.4.0 | 110.00 | 392.00 | 502.00 | OK | |
r-oldrel-macos-arm64 | 2.4.0 | 41.00 | 170.00 | 211.00 | NOTE | |
r-oldrel-macos-x86_64 | 2.4.0 | 92.00 | 394.00 | 486.00 | NOTE | |
r-oldrel-windows-x86_64 | 2.4.0 | 128.00 | 540.00 | 668.00 | NOTE |
Version: 2.4.0
Check: HTML version of manual
Result: NOTE
Found the following HTML validation problems:
geom_ssd.html:179:1 (geom_ssd.Rd:106): Warning: missing </ul> before </div>
params.html:655:1 (params.Rd:331): Warning: missing </ul> before </div>
pgompertz.html:63:1 (pgompertz.Rd:19): Warning: missing </ul> before </div>
plgumbel.html:63:1 (plgumbel.Rd:19): Warning: missing </ul> before </div>
qgompertz.html:63:1 (qgompertz.Rd:19): Warning: missing </ul> before </div>
qlgumbel.html:63:1 (qlgumbel.Rd:19): Warning: missing </ul> before </div>
rgompertz.html:55:1 (rgompertz.Rd:15): Warning: missing </ul> before </div>
Flavors: r-devel-linux-x86_64-debian-clang, r-devel-linux-x86_64-debian-gcc
Version: 2.4.0
Check: installed package size
Result: NOTE
installed size is 41.9Mb
sub-directories of 1Mb or more:
libs 40.2Mb
Flavors: r-oldrel-macos-arm64, r-oldrel-macos-x86_64, r-oldrel-windows-x86_64