Last updated on 2025-07-04 09:50:05 CEST.
Flavor | Version | Tinstall | Tcheck | Ttotal | Status | Flags |
---|---|---|---|---|---|---|
r-devel-linux-x86_64-debian-clang | 1.0 | 9.50 | 82.57 | 92.07 | NOTE | |
r-devel-linux-x86_64-debian-gcc | 1.0 | 6.62 | 60.37 | 66.99 | NOTE | |
r-devel-linux-x86_64-fedora-clang | 1.0 | 134.67 | OK | |||
r-devel-linux-x86_64-fedora-gcc | 1.0 | 128.68 | OK | |||
r-devel-windows-x86_64 | 1.0 | 12.00 | 97.00 | 109.00 | OK | |
r-patched-linux-x86_64 | 1.0 | 8.81 | 78.43 | 87.24 | OK | |
r-release-linux-x86_64 | 1.0 | 8.86 | 79.69 | 88.55 | OK | |
r-release-macos-arm64 | 1.0 | 38.00 | OK | |||
r-release-macos-x86_64 | 1.0 | 73.00 | OK | |||
r-release-windows-x86_64 | 1.0 | 12.00 | 97.00 | 109.00 | OK | |
r-oldrel-macos-arm64 | 1.0 | 39.00 | OK | |||
r-oldrel-macos-x86_64 | 1.0 | 60.00 | OK | |||
r-oldrel-windows-x86_64 | 1.0 | 16.00 | 123.00 | 139.00 | OK |
Version: 1.0
Check: CRAN incoming feasibility
Result: NOTE
Maintainer: ‘Mikhail Zhelonkin <Mikhail.Zhelonkin@gmail.com>’
No Authors@R field in DESCRIPTION.
Please add one, modifying
Authors@R: c(person(given = "Mikhail",
family = "Zhelonkin",
role = c("aut", "cre"),
email = "mikhail.zhelonkin@gmail.com"),
person(given = c("Marc", "G."),
family = "Genton",
role = "aut"),
person(given = "Elvezio",
family = "Ronchetti",
role = "aut"))
as necessary.
Flavors: r-devel-linux-x86_64-debian-clang, r-devel-linux-x86_64-debian-gcc