Last updated on 2025-10-23 09:51:01 CEST.
| Flavor | Version | Tinstall | Tcheck | Ttotal | Status | Flags |
|---|---|---|---|---|---|---|
| r-devel-linux-x86_64-debian-clang | 0.0.1 | 9.56 | 74.61 | 84.17 | NOTE | |
| r-devel-linux-x86_64-debian-gcc | 0.0.1 | 6.21 | 54.83 | 61.04 | NOTE | |
| r-devel-linux-x86_64-fedora-clang | 0.0.1 | 22.00 | 104.17 | 126.17 | OK | |
| r-devel-linux-x86_64-fedora-gcc | 0.0.1 | 18.00 | 99.40 | 117.40 | OK | |
| r-devel-windows-x86_64 | 0.0.1 | 10.00 | 84.00 | 94.00 | OK | |
| r-patched-linux-x86_64 | 0.0.1 | 8.47 | 72.28 | 80.75 | OK | |
| r-release-linux-x86_64 | 0.0.1 | 8.18 | 72.26 | 80.44 | OK | |
| r-release-macos-arm64 | 0.0.1 | 4.00 | 33.00 | 37.00 | OK | |
| r-release-macos-x86_64 | 0.0.1 | 8.00 | 83.00 | 91.00 | OK | |
| r-release-windows-x86_64 | 0.0.1 | 10.00 | 86.00 | 96.00 | OK | |
| r-oldrel-macos-arm64 | 0.0.1 | 4.00 | 31.00 | 35.00 | OK | |
| r-oldrel-macos-x86_64 | 0.0.1 | 6.00 | 53.00 | 59.00 | OK | |
| r-oldrel-windows-x86_64 | 0.0.1 | 13.00 | 103.00 | 116.00 | OK |
Version: 0.0.1
Check: CRAN incoming feasibility
Result: NOTE
Maintainer: ‘Leandro A. Pereira <leandro.ap@ufu.br>’
The Description field contains
hypothesis test. Pinto & Pereira (2021) <arXiv:2109.07978>.
Please refer to arXiv e-prints via their arXiv DOI <doi:10.48550/arXiv.YYMM.NNNNN>.
Flavors: r-devel-linux-x86_64-debian-clang, r-devel-linux-x86_64-debian-gcc