CRAN Package Check Results for Package stevetemplates

Last updated on 2025-10-22 09:50:53 CEST.

Flavor Version Tinstall Tcheck Ttotal Status Flags
r-devel-linux-x86_64-debian-clang 1.1.0 1.97 23.70 25.67 NOTE
r-devel-linux-x86_64-debian-gcc 1.1.0 1.56 19.41 20.97 NOTE
r-devel-linux-x86_64-fedora-clang 1.1.0 34.87 OK
r-devel-linux-x86_64-fedora-gcc 1.1.0 32.15 OK
r-devel-windows-x86_64 1.1.0 5.00 41.00 46.00 OK
r-patched-linux-x86_64 1.1.0 2.36 20.90 23.26 OK
r-release-linux-x86_64 1.1.0 1.69 20.97 22.66 OK
r-release-macos-arm64 1.1.0 2.00 18.00 20.00 OK
r-release-macos-x86_64 1.1.0 2.00 23.00 25.00 OK
r-release-windows-x86_64 1.1.0 4.00 43.00 47.00 OK
r-oldrel-macos-arm64 1.1.0 1.00 20.00 21.00 OK
r-oldrel-macos-x86_64 1.1.0 2.00 38.00 40.00 OK
r-oldrel-windows-x86_64 1.1.0 5.00 48.00 53.00 OK

Check Details

Version: 1.1.0
Check: HTML version of manual
Result: NOTE Found the following HTML validation problems: html_article.html:49:1 (html_article.Rd:13): Warning: missing </ul> before </div> word.html:51:1 (word.Rd:13): Warning: missing </ul> before </div> Flavors: r-devel-linux-x86_64-debian-clang, r-devel-linux-x86_64-debian-gcc