Last updated on 2025-10-22 09:50:53 CEST.
Flavor | Version | Tinstall | Tcheck | Ttotal | Status | Flags |
---|---|---|---|---|---|---|
r-devel-linux-x86_64-debian-clang | 0.99.9 | 48.95 | 272.56 | 321.51 | NOTE | |
r-devel-linux-x86_64-debian-gcc | 0.99.9 | 34.01 | 164.08 | 198.09 | NOTE | |
r-devel-linux-x86_64-fedora-clang | 0.99.9 | 122.00 | 398.52 | 520.52 | OK | |
r-devel-linux-x86_64-fedora-gcc | 0.99.9 | 107.00 | 377.98 | 484.98 | OK | |
r-devel-windows-x86_64 | 0.99.9 | 50.00 | 220.00 | 270.00 | OK | |
r-patched-linux-x86_64 | 0.99.9 | 46.03 | 253.08 | 299.11 | OK | |
r-release-linux-x86_64 | 0.99.9 | 44.48 | 255.67 | 300.15 | OK | |
r-release-macos-arm64 | 0.99.9 | 19.00 | 79.00 | 98.00 | OK | |
r-release-macos-x86_64 | 0.99.9 | 34.00 | 179.00 | 213.00 | OK | |
r-release-windows-x86_64 | 0.99.9 | 51.00 | 221.00 | 272.00 | OK | |
r-oldrel-macos-arm64 | 0.99.9 | 19.00 | 71.00 | 90.00 | OK | |
r-oldrel-macos-x86_64 | 0.99.9 | 25.00 | 129.00 | 154.00 | OK | |
r-oldrel-windows-x86_64 | 0.99.9 | 66.00 | 303.00 | 369.00 | OK |
Version: 0.99.9
Check: HTML version of manual
Result: NOTE
Found the following HTML validation problems:
getMask.html:51:1 (getMask.Rd:13): Warning: missing </ul> before </div>
lc_cov_1d.html:67:1 (lc_cov_1d.Rd:21): Warning: missing </ul> before </div>
lc_cov_1d_est.html:63:1 (lc_cov_1d_est.Rd:19): Warning: missing </ul> before </div>
Flavors: r-devel-linux-x86_64-debian-clang, r-devel-linux-x86_64-debian-gcc