CRAN Package Check Results for Package stoichcalc

Last updated on 2025-10-22 09:50:53 CEST.

Flavor Version Tinstall Tcheck Ttotal Status Flags
r-devel-linux-x86_64-debian-clang 1.1-5 1.57 20.59 22.16 NOTE
r-devel-linux-x86_64-debian-gcc 1.1-5 1.32 16.52 17.84 NOTE
r-devel-linux-x86_64-fedora-clang 1.1-5 32.05 OK
r-devel-linux-x86_64-fedora-gcc 1.1-5 30.73 OK
r-devel-windows-x86_64 1.1-5 3.00 41.00 44.00 OK
r-patched-linux-x86_64 1.1-5 1.38 19.46 20.84 OK
r-release-linux-x86_64 1.1-5 1.48 19.64 21.12 OK
r-release-macos-arm64 1.1-5 1.00 15.00 16.00 OK
r-release-macos-x86_64 1.1-5 2.00 22.00 24.00 OK
r-release-windows-x86_64 1.1-5 3.00 46.00 49.00 OK
r-oldrel-macos-arm64 1.1-5 1.00 14.00 15.00 OK
r-oldrel-macos-x86_64 1.1-5 1.00 19.00 20.00 OK
r-oldrel-windows-x86_64 1.1-5 2.00 42.00 44.00 OK

Check Details

Version: 1.1-5
Check: CRAN incoming feasibility
Result: NOTE Maintainer: ‘Peter Reichert <peter.reichert@emeriti.eawag.ch>’ No Authors@R field in DESCRIPTION. Please add one, modifying Authors@R: person(given = "Peter", family = "Reichert", role = c("aut", "cre"), email = "peter.reichert@emeriti.eawag.ch") as necessary. Flavors: r-devel-linux-x86_64-debian-clang, r-devel-linux-x86_64-debian-gcc