Last updated on 2025-10-22 09:50:53 CEST.
Flavor | Version | Tinstall | Tcheck | Ttotal | Status | Flags |
---|---|---|---|---|---|---|
r-devel-linux-x86_64-debian-clang | 1.2.3 | 7.83 | 114.72 | 122.55 | NOTE | |
r-devel-linux-x86_64-debian-gcc | 1.2.3 | 5.03 | 86.62 | 91.65 | NOTE | |
r-devel-linux-x86_64-fedora-clang | 1.2.3 | 18.00 | 168.78 | 186.78 | OK | |
r-devel-linux-x86_64-fedora-gcc | 1.2.3 | 16.00 | 193.99 | 209.99 | OK | |
r-devel-windows-x86_64 | 1.2.3 | 11.00 | 137.00 | 148.00 | OK | |
r-patched-linux-x86_64 | 1.2.3 | 9.06 | 107.41 | 116.47 | OK | |
r-release-linux-x86_64 | 1.2.3 | 6.38 | 107.04 | 113.42 | OK | |
r-release-macos-arm64 | 1.2.3 | 5.00 | 64.00 | 69.00 | OK | |
r-release-macos-x86_64 | 1.2.3 | 7.00 | 132.00 | 139.00 | OK | |
r-release-windows-x86_64 | 1.2.3 | 13.00 | 136.00 | 149.00 | OK | |
r-oldrel-macos-arm64 | 1.2.3 | 4.00 | 69.00 | 73.00 | OK | |
r-oldrel-macos-x86_64 | 1.2.3 | 12.00 | 133.00 | 145.00 | OK | |
r-oldrel-windows-x86_64 | 1.2.3 | 14.00 | 160.00 | 174.00 | OK |
Version: 1.2.3
Check: HTML version of manual
Result: NOTE
Found the following HTML validation problems:
line_cast.html:46:1 (line_cast.Rd:10): Warning: missing </ul> before </div>
Flavors: r-devel-linux-x86_64-debian-clang, r-devel-linux-x86_64-debian-gcc