CRAN Package Check Results for Package subspace

Last updated on 2025-07-04 09:50:06 CEST.

Flavor Version Tinstall Tcheck Ttotal Status Flags
r-devel-linux-x86_64-debian-clang 1.0.4 6.86 66.13 72.99 NOTE
r-devel-linux-x86_64-debian-gcc 1.0.4 4.46 47.87 52.33 NOTE
r-devel-linux-x86_64-fedora-clang 1.0.4 110.06 NOTE
r-devel-linux-x86_64-fedora-gcc 1.0.4 97.04 NOTE
r-devel-windows-x86_64 1.0.4 9.00 74.00 83.00 NOTE
r-patched-linux-x86_64 1.0.4 7.11 61.29 68.40 NOTE
r-release-linux-x86_64 1.0.4 6.54 61.70 68.24 NOTE
r-release-macos-arm64 1.0.4 37.00 NOTE
r-release-macos-x86_64 1.0.4 57.00 NOTE
r-release-windows-x86_64 1.0.4 9.00 78.00 87.00 NOTE
r-oldrel-macos-arm64 1.0.4 36.00 NOTE
r-oldrel-macos-x86_64 1.0.4 51.00 NOTE
r-oldrel-windows-x86_64 1.0.4 11.00 92.00 103.00 NOTE

Check Details

Version: 1.0.4
Check: Rd files
Result: NOTE checkRd: (-1) P3C.Rd:18: Lost braces; missing escapes or markup? 18 | used for this will be 1.00*10^{-PoissonThreshold}.} | ^ Flavors: r-devel-linux-x86_64-debian-clang, r-devel-linux-x86_64-debian-gcc, r-devel-linux-x86_64-fedora-clang, r-devel-linux-x86_64-fedora-gcc, r-devel-windows-x86_64, r-patched-linux-x86_64, r-release-linux-x86_64, r-release-macos-arm64, r-release-macos-x86_64, r-release-windows-x86_64, r-oldrel-macos-arm64, r-oldrel-macos-x86_64, r-oldrel-windows-x86_64

Version: 1.0.4
Check: Rd cross-references
Result: NOTE Found the following Rd file(s) with Rd \link{} targets missing package anchors: subspace.Rd: ggvis Please provide package anchors for all Rd \link{} targets not in the package itself and the base packages. Flavors: r-devel-linux-x86_64-debian-clang, r-devel-linux-x86_64-debian-gcc, r-devel-windows-x86_64, r-patched-linux-x86_64, r-release-linux-x86_64, r-release-windows-x86_64