Last updated on 2025-10-22 09:50:54 CEST.
Flavor | Version | Tinstall | Tcheck | Ttotal | Status | Flags |
---|---|---|---|---|---|---|
r-devel-linux-x86_64-debian-clang | 2.1.8 | 2.36 | 45.43 | 47.79 | NOTE | |
r-devel-linux-x86_64-debian-gcc | 2.1.8 | 2.11 | 33.44 | 35.55 | NOTE | |
r-devel-linux-x86_64-fedora-clang | 2.1.8 | 13.00 | 63.08 | 76.08 | NOTE | |
r-devel-linux-x86_64-fedora-gcc | 2.1.8 | 82.86 | NOTE | |||
r-devel-windows-x86_64 | 2.1.8 | 5.00 | 66.00 | 71.00 | NOTE | |
r-patched-linux-x86_64 | 2.1.8 | 2.49 | 42.32 | 44.81 | NOTE | |
r-release-linux-x86_64 | 2.1.8 | 2.56 | 42.18 | 44.74 | NOTE | |
r-release-macos-arm64 | 2.1.8 | 2.00 | 30.00 | 32.00 | NOTE | |
r-release-macos-x86_64 | 2.1.8 | 2.00 | 59.00 | 61.00 | NOTE | |
r-release-windows-x86_64 | 2.1.8 | 4.00 | 67.00 | 71.00 | NOTE | |
r-oldrel-macos-arm64 | 2.1.8 | 1.00 | 32.00 | 33.00 | NOTE | |
r-oldrel-macos-x86_64 | 2.1.8 | 2.00 | 46.00 | 48.00 | NOTE | |
r-oldrel-windows-x86_64 | 2.1.8 | 7.00 | 77.00 | 84.00 | NOTE |
Version: 2.1.8
Check: Rd files
Result: NOTE
checkRd: (-1) sunburst.Rd:30: Lost braces; missing escapes or markup?
30 | nested d3 JSON hierarchy with `{name:..., children:[];}`. \code{csvdata}
| ^
checkRd: (-1) sunburst.Rd:88: Lost braces; missing escapes or markup?
88 | \item{jsondata}{\code{deprecated} use data argument instead; data in nested d3 JSON hierarchy with `{name:..., children:[];}`}
| ^
checkRd: (-1) sund2b.Rd:22: Lost braces; missing escapes or markup?
22 | nested d3 JSON hierarchy with `{name:..., children:[];}`. \code{list}, \code{character},
| ^
Flavors: r-devel-linux-x86_64-debian-clang, r-devel-linux-x86_64-debian-gcc, r-devel-linux-x86_64-fedora-clang, r-devel-linux-x86_64-fedora-gcc, r-devel-windows-x86_64, r-patched-linux-x86_64, r-release-linux-x86_64, r-release-macos-arm64, r-release-macos-x86_64, r-release-windows-x86_64, r-oldrel-macos-arm64, r-oldrel-macos-x86_64, r-oldrel-windows-x86_64
Version: 2.1.8
Check: HTML version of manual
Result: NOTE
Found the following HTML validation problems:
d2b-shiny.html:68:1 (d2b-shiny.Rd:25): Warning: missing </ul> before </div>
sunburst-shiny.html:68:1 (sunburst-shiny.Rd:25): Warning: missing </ul> before </div>
Flavors: r-devel-linux-x86_64-debian-clang, r-devel-linux-x86_64-debian-gcc