Last updated on 2025-10-22 09:50:54 CEST.
Flavor | Version | Tinstall | Tcheck | Ttotal | Status | Flags |
---|---|---|---|---|---|---|
r-devel-linux-x86_64-debian-clang | 1.0-4 | 6.29 | 71.30 | 77.59 | NOTE | |
r-devel-linux-x86_64-debian-gcc | 1.0-4 | 4.69 | 53.66 | 58.35 | NOTE | |
r-devel-linux-x86_64-fedora-clang | 1.0-4 | 30.00 | 88.36 | 118.36 | OK | |
r-devel-linux-x86_64-fedora-gcc | 1.0-4 | 14.00 | 106.88 | 120.88 | OK | |
r-devel-windows-x86_64 | 1.0-4 | 7.00 | 80.00 | 87.00 | OK | |
r-patched-linux-x86_64 | 1.0-4 | 5.93 | 66.97 | 72.90 | OK | |
r-release-linux-x86_64 | 1.0-4 | 6.51 | 65.48 | 71.99 | OK | |
r-release-macos-arm64 | 1.0-4 | 3.00 | 46.00 | 49.00 | OK | |
r-release-macos-x86_64 | 1.0-4 | 7.00 | 77.00 | 84.00 | OK | |
r-release-windows-x86_64 | 1.0-4 | 8.00 | 79.00 | 87.00 | OK | |
r-oldrel-macos-arm64 | 1.0-4 | 3.00 | 38.00 | 41.00 | OK | |
r-oldrel-macos-x86_64 | 1.0-4 | 5.00 | 55.00 | 60.00 | OK | |
r-oldrel-windows-x86_64 | 1.0-4 | 9.00 | 96.00 | 105.00 | OK |
Version: 1.0-4
Check: CRAN incoming feasibility
Result: NOTE
Maintainer: ‘Hajime Uno <huno@jimmy.harvard.edu>’
No Authors@R field in DESCRIPTION.
Please add one, modifying
Authors@R: c(person(given = "Hajime",
family = "Uno",
role = c("aut", "cre"),
email = "huno@jimmy.harvard.edu"),
person(given = "Lu",
family = "Tian",
role = "aut"),
person(given = "Miki",
family = "Horiguchi",
role = "aut"),
person(given = "Angel",
family = "Cronin",
role = "aut"),
person(given = "Chakib",
family = "Battioui",
role = "aut"),
person(given = "James",
family = "Bell",
role = "aut"))
as necessary.
Flavors: r-devel-linux-x86_64-debian-clang, r-devel-linux-x86_64-debian-gcc