CRAN Package Check Results for Package surveil

Last updated on 2025-10-22 09:50:54 CEST.

Flavor Version Tinstall Tcheck Ttotal Status Flags
r-devel-linux-x86_64-debian-clang 0.3.0 246.83 304.44 551.27 NOTE
r-devel-linux-x86_64-debian-gcc 0.3.0 233.91 232.80 466.71 NOTE
r-devel-linux-x86_64-fedora-clang 0.3.0 1200.00 -297.32 902.68 NOTE
r-devel-linux-x86_64-fedora-gcc 0.3.0 720.00 258.43 978.43 NOTE
r-devel-windows-x86_64 0.3.0 282.00 334.00 616.00 OK
r-patched-linux-x86_64 0.3.0 299.17 314.95 614.12 OK
r-release-linux-x86_64 0.3.0 304.68 319.10 623.78 OK
r-release-macos-arm64 0.3.0 96.00 100.00 196.00 OK
r-release-macos-x86_64 0.3.0 130.00 205.00 335.00 OK
r-release-windows-x86_64 0.3.0 276.00 329.00 605.00 OK
r-oldrel-macos-arm64 0.3.0 51.00 63.00 114.00 NOTE
r-oldrel-macos-x86_64 0.3.0 63.00 116.00 179.00 NOTE
r-oldrel-windows-x86_64 0.3.0 310.00 418.00 728.00 NOTE

Check Details

Version: 0.3.0
Check: HTML version of manual
Result: NOTE Found the following HTML validation problems: stand_surveil.html:122:1 (stand_surveil.Rd:47): Warning: <h4> anchor "print.stand_surveil" already defined stand_surveil.html:129:1 (stand_surveil.Rd:52): Warning: <h4> anchor "plot.stand_surveil" already defined surveil_diff.html:132:1 (surveil_diff.Rd:63): Warning: missing </ul> before </div> Flavors: r-devel-linux-x86_64-debian-clang, r-devel-linux-x86_64-debian-gcc

Version: 0.3.0
Check: dependencies in R code
Result: NOTE Namespaces in Imports field not imported from: ‘RcppParallel’ ‘rstantools’ All declared Imports should be used. Flavors: r-devel-linux-x86_64-fedora-clang, r-devel-linux-x86_64-fedora-gcc

Version: 0.3.0
Check: installed package size
Result: NOTE installed size is 63.5Mb sub-directories of 1Mb or more: libs 62.3Mb Flavors: r-oldrel-macos-arm64, r-oldrel-macos-x86_64

Version: 0.3.0
Check: for GNU extensions in Makefiles
Result: NOTE GNU make is a SystemRequirements. Flavors: r-oldrel-macos-arm64, r-oldrel-macos-x86_64, r-oldrel-windows-x86_64