CRAN Package Check Results for Package survey

Last updated on 2025-10-22 09:50:54 CEST.

Flavor Version Tinstall Tcheck Ttotal Status Flags
r-devel-linux-x86_64-debian-clang 4.4-8 48.10 366.45 414.55 NOTE
r-devel-linux-x86_64-debian-gcc 4.4-8 31.50 249.32 280.82 NOTE
r-devel-linux-x86_64-fedora-clang 4.4-8 288.00 406.76 694.76 OK
r-devel-linux-x86_64-fedora-gcc 4.4-8 89.00 539.11 628.11 OK
r-devel-windows-x86_64 4.4-8 51.00 406.00 457.00 OK
r-patched-linux-x86_64 4.4-8 51.22 353.24 404.46 OK
r-release-linux-x86_64 4.4-8 46.86 353.23 400.09 OK
r-release-macos-arm64 4.4-8 21.00 166.00 187.00 OK
r-release-macos-x86_64 4.4-8 28.00 311.00 339.00 OK
r-release-windows-x86_64 4.4-8 55.00 423.00 478.00 OK
r-oldrel-macos-arm64 4.4-8 19.00 179.00 198.00 NOTE
r-oldrel-macos-x86_64 4.4-8 30.00 328.00 358.00 NOTE
r-oldrel-windows-x86_64 4.4-8 69.00 512.00 581.00 OK

Check Details

Version: 4.4-8
Check: HTML version of manual
Result: NOTE Found the following HTML validation problems: svyby.html:233:1 (svyby.Rd:135): Warning: <h3> anchor "_sec_note" already defined svyglm.html:201:1 (svyglm.Rd:109): Warning: <h3> anchor "_sec_note" already defined Flavors: r-devel-linux-x86_64-debian-clang, r-devel-linux-x86_64-debian-gcc

Version: 4.4-8
Check: installed package size
Result: NOTE installed size is 6.9Mb sub-directories of 1Mb or more: R 2.0Mb doc 1.5Mb libs 2.0Mb Flavors: r-oldrel-macos-arm64, r-oldrel-macos-x86_64