Last updated on 2025-10-22 09:50:54 CEST.
Flavor | Version | Tinstall | Tcheck | Ttotal | Status | Flags |
---|---|---|---|---|---|---|
r-devel-linux-x86_64-debian-clang | 0.13.3 | 7.53 | 55.42 | 62.95 | NOTE | |
r-devel-linux-x86_64-debian-gcc | 0.13.3 | 4.80 | 40.46 | 45.26 | NOTE | |
r-devel-linux-x86_64-fedora-clang | 0.13.3 | 38.00 | 65.27 | 103.27 | OK | |
r-devel-linux-x86_64-fedora-gcc | 0.13.3 | 16.00 | 70.73 | 86.73 | OK | |
r-devel-windows-x86_64 | 0.13.3 | 11.00 | 75.00 | 86.00 | OK | |
r-patched-linux-x86_64 | 0.13.3 | 7.31 | 51.72 | 59.03 | OK | |
r-release-linux-x86_64 | 0.13.3 | 5.75 | 52.26 | 58.01 | OK | |
r-release-macos-arm64 | 0.13.3 | 3.00 | 27.00 | 30.00 | OK | |
r-release-macos-x86_64 | 0.13.3 | 7.00 | 60.00 | 67.00 | OK | |
r-release-windows-x86_64 | 0.13.3 | 11.00 | 58.00 | 69.00 | OK | |
r-oldrel-macos-arm64 | 0.13.3 | 3.00 | 31.00 | 34.00 | OK | |
r-oldrel-macos-x86_64 | 0.13.3 | 6.00 | 49.00 | 55.00 | OK | |
r-oldrel-windows-x86_64 | 0.13.3 | 14.00 | 89.00 | 103.00 | OK |
Version: 0.13.3
Check: HTML version of manual
Result: NOTE
Found the following HTML validation problems:
sd_dashboard.html:61:1 (sd_dashboard.Rd:17): Warning: missing </ul> before </div>
Flavors: r-devel-linux-x86_64-debian-clang, r-devel-linux-x86_64-debian-gcc