Last updated on 2025-10-22 09:50:54 CEST.
Flavor | Version | Tinstall | Tcheck | Ttotal | Status | Flags |
---|---|---|---|---|---|---|
r-devel-linux-x86_64-debian-clang | 0.0.7.1 | 168.97 | 241.33 | 410.30 | NOTE | |
r-devel-linux-x86_64-debian-gcc | 0.0.7.1 | 176.27 | 181.08 | 357.35 | NOTE | |
r-devel-linux-x86_64-fedora-clang | 0.0.7.1 | 780.00 | -111.47 | 668.53 | NOTE | |
r-devel-linux-x86_64-fedora-gcc | 0.0.7.1 | 482.00 | 229.47 | 711.47 | NOTE | |
r-devel-windows-x86_64 | 0.0.7.1 | 189.00 | 251.00 | 440.00 | OK | |
r-patched-linux-x86_64 | 0.0.7.1 | 184.07 | 244.18 | 428.25 | OK | |
r-release-linux-x86_64 | 0.0.7.1 | 193.64 | 241.03 | 434.67 | OK | |
r-release-macos-arm64 | 0.0.7.1 | 67.00 | 87.00 | 154.00 | OK | |
r-release-macos-x86_64 | 0.0.7.1 | 150.00 | 157.00 | 307.00 | OK | |
r-release-windows-x86_64 | 0.0.7.1 | 185.00 | 247.00 | 432.00 | OK | |
r-oldrel-macos-arm64 | 0.0.7.1 | 36.00 | 53.00 | 89.00 | NOTE | |
r-oldrel-macos-x86_64 | 0.0.7.1 | 69.00 | 90.00 | 159.00 | NOTE | |
r-oldrel-windows-x86_64 | 0.0.7.1 | 215.00 | 332.00 | 547.00 | NOTE |
Version: 0.0.7.1
Check: HTML version of manual
Result: NOTE
Found the following HTML validation problems:
emmeans-survstan-helpers.html:61:1 (emmeans-survstan-helpers.Rd:21): Warning: missing </ul> before </div>
Flavors: r-devel-linux-x86_64-debian-clang, r-devel-linux-x86_64-debian-gcc
Version: 0.0.7.1
Check: dependencies in R code
Result: NOTE
Namespaces in Imports field not imported from:
‘RcppParallel’ ‘rstantools’
All declared Imports should be used.
Flavors: r-devel-linux-x86_64-fedora-clang, r-devel-linux-x86_64-fedora-gcc
Version: 0.0.7.1
Check: installed package size
Result: NOTE
installed size is 63.6Mb
sub-directories of 1Mb or more:
libs 63.1Mb
Flavors: r-oldrel-macos-arm64, r-oldrel-macos-x86_64
Version: 0.0.7.1
Check: for GNU extensions in Makefiles
Result: NOTE
GNU make is a SystemRequirements.
Flavors: r-oldrel-macos-arm64, r-oldrel-macos-x86_64, r-oldrel-windows-x86_64