Last updated on 2025-07-04 09:50:06 CEST.
Flavor | Version | Tinstall | Tcheck | Ttotal | Status | Flags |
---|---|---|---|---|---|---|
r-devel-linux-x86_64-debian-clang | 0.0.7.1 | 174.49 | 215.92 | 390.41 | OK | |
r-devel-linux-x86_64-debian-gcc | 0.0.7.1 | 156.23 | 165.15 | 321.38 | OK | |
r-devel-linux-x86_64-fedora-clang | 0.0.7.1 | 618.49 | NOTE | |||
r-devel-linux-x86_64-fedora-gcc | 0.0.7.1 | 736.80 | NOTE | |||
r-devel-windows-x86_64 | 0.0.7.1 | 189.00 | 235.00 | 424.00 | OK | |
r-patched-linux-x86_64 | 0.0.7.1 | 183.63 | 219.02 | 402.65 | OK | |
r-release-linux-x86_64 | 0.0.7.1 | 187.87 | 223.44 | 411.31 | OK | |
r-release-macos-arm64 | 0.0.7.1 | 154.00 | OK | |||
r-release-macos-x86_64 | 0.0.7.1 | 307.00 | OK | |||
r-release-windows-x86_64 | 0.0.7.1 | 181.00 | 244.00 | 425.00 | OK | |
r-oldrel-macos-arm64 | 0.0.7.1 | 89.00 | NOTE | |||
r-oldrel-macos-x86_64 | 0.0.7.1 | 159.00 | NOTE | |||
r-oldrel-windows-x86_64 | 0.0.7.1 | 213.00 | 295.00 | 508.00 | NOTE |
Version: 0.0.7.1
Check: dependencies in R code
Result: NOTE
Namespaces in Imports field not imported from:
‘RcppParallel’ ‘rstantools’
All declared Imports should be used.
Flavors: r-devel-linux-x86_64-fedora-clang, r-devel-linux-x86_64-fedora-gcc
Version: 0.0.7.1
Check: installed package size
Result: NOTE
installed size is 63.6Mb
sub-directories of 1Mb or more:
libs 63.1Mb
Flavors: r-oldrel-macos-arm64, r-oldrel-macos-x86_64
Version: 0.0.7.1
Check: for GNU extensions in Makefiles
Result: NOTE
GNU make is a SystemRequirements.
Flavors: r-oldrel-macos-arm64, r-oldrel-macos-x86_64, r-oldrel-windows-x86_64