CRAN Package Check Results for Package swamp

Last updated on 2025-10-22 09:50:54 CEST.

Flavor Version Tinstall Tcheck Ttotal Status Flags
r-devel-linux-x86_64-debian-clang 1.5.1 3.30 42.92 46.22 NOTE
r-devel-linux-x86_64-debian-gcc 1.5.1 2.49 29.59 32.08 NOTE
r-devel-linux-x86_64-fedora-clang 1.5.1 13.00 59.86 72.86 OK
r-devel-linux-x86_64-fedora-gcc 1.5.1 65.11 OK
r-devel-windows-x86_64 1.5.1 4.00 59.00 63.00 OK
r-patched-linux-x86_64 1.5.1 3.64 39.97 43.61 OK
r-release-linux-x86_64 1.5.1 2.92 39.96 42.88 OK
r-release-macos-arm64 1.5.1 2.00 21.00 23.00 OK
r-release-macos-x86_64 1.5.1 3.00 37.00 40.00 OK
r-release-windows-x86_64 1.5.1 5.00 61.00 66.00 OK
r-oldrel-macos-arm64 1.5.1 2.00 22.00 24.00 OK
r-oldrel-macos-x86_64 1.5.1 3.00 36.00 39.00 OK
r-oldrel-windows-x86_64 1.5.1 6.00 72.00 78.00 OK

Check Details

Version: 1.5.1
Check: CRAN incoming feasibility
Result: NOTE Maintainer: ‘Martin Lauss <martin.lauss@med.lu.se>’ No Authors@R field in DESCRIPTION. Please add one, modifying Authors@R: person(given = "Martin", family = "Lauss", role = c("aut", "cre"), email = "martin.lauss@med.lu.se") as necessary. Flavors: r-devel-linux-x86_64-debian-clang, r-devel-linux-x86_64-debian-gcc