Last updated on 2025-10-22 09:50:54 CEST.
Flavor | Version | Tinstall | Tcheck | Ttotal | Status | Flags |
---|---|---|---|---|---|---|
r-devel-linux-x86_64-debian-clang | 0.6.4 | 10.47 | 131.52 | 141.99 | NOTE | |
r-devel-linux-x86_64-debian-gcc | 0.6.4 | 8.10 | 89.81 | 97.91 | NOTE | |
r-devel-linux-x86_64-fedora-clang | 0.6.4 | 56.00 | 178.49 | 234.49 | OK | |
r-devel-linux-x86_64-fedora-gcc | 0.6.4 | 25.00 | 198.82 | 223.82 | OK | |
r-devel-windows-x86_64 | 0.6.4 | 12.00 | 126.00 | 138.00 | OK | |
r-patched-linux-x86_64 | 0.6.4 | 11.14 | 126.07 | 137.21 | OK | |
r-release-linux-x86_64 | 0.6.4 | 10.73 | 124.14 | 134.87 | OK | |
r-release-macos-arm64 | 0.6.4 | 5.00 | 62.00 | 67.00 | OK | |
r-release-macos-x86_64 | 0.6.4 | 8.00 | 105.00 | 113.00 | OK | |
r-release-windows-x86_64 | 0.6.4 | 15.00 | 128.00 | 143.00 | OK | |
r-oldrel-macos-arm64 | 0.6.4 | 4.00 | 66.00 | 70.00 | OK | |
r-oldrel-macos-x86_64 | 0.6.4 | 9.00 | 155.00 | 164.00 | OK | |
r-oldrel-windows-x86_64 | 0.6.4 | 16.00 | 164.00 | 180.00 | OK |
Version: 0.6.4
Check: HTML version of manual
Result: NOTE
Found the following HTML validation problems:
swfscAirDAS-internals.html:165:1 (swfscAirDAS-internals.Rd:91): Warning: missing </ul> before </div>
Flavors: r-devel-linux-x86_64-debian-clang, r-devel-linux-x86_64-debian-gcc