Last updated on 2025-10-22 09:50:54 CEST.
Flavor | Version | Tinstall | Tcheck | Ttotal | Status | Flags |
---|---|---|---|---|---|---|
r-devel-linux-x86_64-debian-clang | 0.1-3 | 2.18 | 27.54 | 29.72 | NOTE | |
r-devel-linux-x86_64-debian-gcc | 0.1-3 | 1.66 | 22.29 | 23.95 | NOTE | |
r-devel-linux-x86_64-fedora-clang | 0.1-3 | 44.28 | NOTE | |||
r-devel-linux-x86_64-fedora-gcc | 0.1-3 | 39.60 | NOTE | |||
r-devel-windows-x86_64 | 0.1-3 | 4.00 | 44.00 | 48.00 | NOTE | |
r-patched-linux-x86_64 | 0.1-3 | 2.20 | 25.11 | 27.31 | NOTE | |
r-release-linux-x86_64 | 0.1-3 | 2.12 | 25.05 | 27.17 | NOTE | |
r-release-macos-arm64 | 0.1-3 | 1.00 | 20.00 | 21.00 | NOTE | |
r-release-macos-x86_64 | 0.1-3 | 2.00 | 27.00 | 29.00 | NOTE | |
r-release-windows-x86_64 | 0.1-3 | 4.00 | 47.00 | 51.00 | NOTE | |
r-oldrel-macos-arm64 | 0.1-3 | 1.00 | 16.00 | 17.00 | NOTE | |
r-oldrel-macos-x86_64 | 0.1-3 | 2.00 | 24.00 | 26.00 | NOTE | |
r-oldrel-windows-x86_64 | 0.1-3 | 4.00 | 51.00 | 55.00 | NOTE |
Version: 0.1-3
Check: top-level files
Result: NOTE
Found the following validation problem for the NEWS.Rd HTML conversion:
NEWS.html:87:1 (inst/NEWS.Rd:31): Warning: missing </ul> before </div>
NEWS.html:43:1 (inst/NEWS.Rd:13): Warning: <h4> anchor "changed" already defined
NEWS.html:61:1 (inst/NEWS.Rd:21): Warning: <h4> anchor "changed" already defined
Flavors: r-devel-linux-x86_64-debian-clang, r-devel-linux-x86_64-debian-gcc
Version: 0.1-3
Check: Rd files
Result: NOTE
checkRd: (-1) hyph.support.en.Rd:19: Lost braces in \itemize; meant \describe ?
checkRd: (-1) hyph.support.en.Rd:20: Lost braces in \itemize; meant \describe ?
Flavors: r-devel-linux-x86_64-debian-clang, r-devel-linux-x86_64-debian-gcc, r-devel-linux-x86_64-fedora-clang, r-devel-linux-x86_64-fedora-gcc, r-devel-windows-x86_64, r-patched-linux-x86_64, r-release-linux-x86_64, r-release-macos-arm64, r-release-macos-x86_64, r-release-windows-x86_64, r-oldrel-macos-arm64, r-oldrel-macos-x86_64, r-oldrel-windows-x86_64