Last updated on 2025-10-22 09:50:54 CEST.
Flavor | Version | Tinstall | Tcheck | Ttotal | Status | Flags |
---|---|---|---|---|---|---|
r-devel-linux-x86_64-debian-clang | 1.1.4 | 3.52 | 35.88 | 39.40 | OK | |
r-devel-linux-x86_64-debian-gcc | 1.1.4 | 2.53 | 27.84 | 30.37 | OK | |
r-devel-linux-x86_64-fedora-clang | 1.1.4 | 16.00 | 48.84 | 64.84 | NOTE | |
r-devel-linux-x86_64-fedora-gcc | 1.1.4 | 70.13 | NOTE | |||
r-devel-windows-x86_64 | 1.1.4 | 6.00 | 54.00 | 60.00 | OK | |
r-patched-linux-x86_64 | 1.1.4 | 2.87 | 33.77 | 36.64 | OK | |
r-release-linux-x86_64 | 1.1.4 | 3.05 | 33.78 | 36.83 | OK | |
r-release-macos-arm64 | 1.1.4 | 3.00 | 47.00 | 50.00 | OK | |
r-release-macos-x86_64 | 1.1.4 | 3.00 | 48.00 | 51.00 | OK | |
r-release-windows-x86_64 | 1.1.4 | 6.00 | 56.00 | 62.00 | OK | |
r-oldrel-macos-arm64 | 1.1.4 | 2.00 | 26.00 | 28.00 | OK | |
r-oldrel-macos-x86_64 | 1.1.4 | 4.00 | 58.00 | 62.00 | OK | |
r-oldrel-windows-x86_64 | 1.1.4 | 6.00 | 65.00 | 71.00 | OK |
Version: 1.1.4
Check: dependencies in R code
Result: NOTE
Namespaces in Imports field not imported from:
‘htmltools’ ‘markdown’ ‘nextGenShinyApps’
All declared Imports should be used.
Flavors: r-devel-linux-x86_64-fedora-clang, r-devel-linux-x86_64-fedora-gcc