Last updated on 2025-07-04 09:50:06 CEST.
Flavor | Version | Tinstall | Tcheck | Ttotal | Status | Flags |
---|---|---|---|---|---|---|
r-devel-linux-x86_64-debian-clang | 0.1.1 | 40.65 | 109.71 | 150.36 | NOTE | |
r-devel-linux-x86_64-debian-gcc | 0.1.1 | 27.41 | 77.97 | 105.38 | NOTE | |
r-devel-linux-x86_64-fedora-clang | 0.1.1 | 231.17 | NOTE | |||
r-devel-linux-x86_64-fedora-gcc | 0.1.1 | 232.00 | NOTE | |||
r-devel-windows-x86_64 | 0.1.1 | 49.00 | 133.00 | 182.00 | NOTE | |
r-patched-linux-x86_64 | 0.1.1 | 42.18 | 99.94 | 142.12 | NOTE | |
r-release-linux-x86_64 | 0.1.1 | 37.92 | 100.69 | 138.61 | NOTE | |
r-release-macos-arm64 | 0.1.1 | 77.00 | NOTE | |||
r-release-macos-x86_64 | 0.1.1 | 127.00 | NOTE | |||
r-release-windows-x86_64 | 0.1.1 | 50.00 | 133.00 | 183.00 | NOTE | |
r-oldrel-macos-arm64 | 0.1.1 | 69.00 | NOTE | |||
r-oldrel-macos-x86_64 | 0.1.1 | 106.00 | NOTE | |||
r-oldrel-windows-x86_64 | 0.1.1 | 59.00 | 158.00 | 217.00 | NOTE |
Version: 0.1.1
Check: C++ specification
Result: NOTE
Specified C++11: please drop specification unless essential
Flavors: r-devel-linux-x86_64-debian-clang, r-devel-linux-x86_64-debian-gcc, r-devel-linux-x86_64-fedora-clang, r-devel-linux-x86_64-fedora-gcc, r-devel-windows-x86_64, r-patched-linux-x86_64, r-release-linux-x86_64, r-release-macos-arm64, r-release-macos-x86_64, r-release-windows-x86_64, r-oldrel-macos-arm64, r-oldrel-macos-x86_64, r-oldrel-windows-x86_64