CRAN Package Check Results for Package taber

Last updated on 2025-07-04 09:50:06 CEST.

Flavor Version Tinstall Tcheck Ttotal Status Flags
r-devel-linux-x86_64-debian-clang 0.1.2 3.87 31.87 35.74 OK
r-devel-linux-x86_64-debian-gcc 0.1.2 2.66 24.47 27.13 OK
r-devel-linux-x86_64-fedora-clang 0.1.2 51.93 OK
r-devel-linux-x86_64-fedora-gcc 0.1.2 50.46 OK
r-devel-windows-x86_64 0.1.2 5.00 49.00 54.00 OK
r-patched-linux-x86_64 0.1.2 3.67 29.84 33.51 OK
r-release-linux-x86_64 0.1.2 3.70 29.93 33.63 OK
r-release-macos-arm64 0.1.2 21.00 OK
r-release-macos-x86_64 0.1.2 36.00 OK
r-release-windows-x86_64 0.1.2 5.00 51.00 56.00 OK
r-oldrel-macos-arm64 0.1.2 20.00 NOTE
r-oldrel-macos-x86_64 0.1.2 31.00 NOTE
r-oldrel-windows-x86_64 0.1.2 6.00 56.00 62.00 NOTE

Check Details

Version: 0.1.2
Check: LazyData
Result: NOTE 'LazyData' is specified without a 'data' directory Flavors: r-oldrel-macos-arm64, r-oldrel-macos-x86_64, r-oldrel-windows-x86_64