CRAN Package Check Results for Package tapnet

Last updated on 2025-10-22 09:50:54 CEST.

Flavor Version Tinstall Tcheck Ttotal Status Flags
r-devel-linux-x86_64-debian-clang 0.3 13.40 110.54 123.94 NOTE
r-devel-linux-x86_64-debian-gcc 0.3 9.09 77.66 86.75 NOTE
r-devel-linux-x86_64-fedora-clang 0.3 63.00 132.79 195.79 NOTE
r-devel-linux-x86_64-fedora-gcc 0.3 29.00 159.29 188.29 NOTE
r-devel-windows-x86_64 0.3 14.00 113.00 127.00 NOTE
r-patched-linux-x86_64 0.3 13.85 102.61 116.46 NOTE
r-release-linux-x86_64 0.3 14.03 102.67 116.70 NOTE
r-release-macos-arm64 0.3 6.00 61.00 67.00 NOTE
r-release-macos-x86_64 0.3 12.00 96.00 108.00 NOTE
r-release-windows-x86_64 0.3 15.00 119.00 134.00 NOTE
r-oldrel-macos-arm64 0.3 6.00 49.00 55.00 NOTE
r-oldrel-macos-x86_64 0.3 10.00 77.00 87.00 NOTE
r-oldrel-windows-x86_64 0.3 20.00 142.00 162.00 NOTE

Check Details

Version: 0.3
Check: Rd files
Result: NOTE checkRd: (-1) tapnet-package.Rd:40: Escaped LaTeX specials: \& Flavors: r-devel-linux-x86_64-debian-clang, r-devel-linux-x86_64-debian-gcc, r-devel-linux-x86_64-fedora-clang, r-devel-linux-x86_64-fedora-gcc, r-devel-windows-x86_64, r-patched-linux-x86_64, r-release-linux-x86_64, r-release-macos-arm64, r-release-macos-x86_64, r-release-windows-x86_64, r-oldrel-macos-arm64, r-oldrel-macos-x86_64, r-oldrel-windows-x86_64