Last updated on 2025-10-22 09:50:54 CEST.
Flavor | Version | Tinstall | Tcheck | Ttotal | Status | Flags |
---|---|---|---|---|---|---|
r-devel-linux-x86_64-debian-clang | 0.4.4 | 7.45 | 73.93 | 81.38 | NOTE | |
r-devel-linux-x86_64-debian-gcc | 0.4.4 | 4.83 | 50.15 | 54.98 | NOTE | |
r-devel-linux-x86_64-fedora-clang | 0.4.4 | 38.00 | 86.88 | 124.88 | OK | |
r-devel-linux-x86_64-fedora-gcc | 0.4.4 | 16.00 | 94.82 | 110.82 | OK | |
r-devel-windows-x86_64 | 0.4.4 | 11.00 | 91.00 | 102.00 | OK | |
r-patched-linux-x86_64 | 0.4.4 | 8.92 | 67.23 | 76.15 | OK | |
r-release-linux-x86_64 | 0.4.4 | 7.11 | 67.95 | 75.06 | OK | |
r-release-macos-arm64 | 0.4.4 | 3.00 | 29.00 | 32.00 | OK | |
r-release-macos-x86_64 | 0.4.4 | 11.00 | 60.00 | 71.00 | OK | |
r-release-windows-x86_64 | 0.4.4 | 11.00 | 96.00 | 107.00 | OK | |
r-oldrel-macos-arm64 | 0.4.4 | 3.00 | 34.00 | 37.00 | OK | |
r-oldrel-macos-x86_64 | 0.4.4 | 6.00 | 63.00 | 69.00 | OK | |
r-oldrel-windows-x86_64 | 0.4.4 | 14.00 | 108.00 | 122.00 | OK |
Version: 0.4.4
Check: HTML version of manual
Result: NOTE
Found the following HTML validation problems:
check_taxon_rank_order.html:54:1 (check_taxon_rank_order.Rd:14): Warning: missing </ul> before </div>
grapes-in-grapes.html:52:1 (grapes-in-grapes.Rd:14): Warning: missing </ul> before </div>
impute_order_na.html:51:1 (impute_order_na.Rd:12): Warning: missing </ul> before </div>
is_classification.html:46:1 (is_classification.Rd:10): Warning: missing </ul> before </div>
is_taxon_rank_level.html:46:1 (is_taxon_rank_level.Rd:10): Warning: missing </ul> before </div>
is_valid_regex.html:46:1 (is_valid_regex.Rd:10): Warning: missing </ul> before </div>
print_with_color.html:55:1 (print_with_color.Rd:14): Warning: missing </ul> before </div>
unname_fields.html:46:1 (unname_fields.Rd:10): Warning: missing </ul> before </div>
Flavors: r-devel-linux-x86_64-debian-clang, r-devel-linux-x86_64-debian-gcc