CRAN Package Check Results for Package teigen

Last updated on 2025-10-22 09:50:54 CEST.

Flavor Version Tinstall Tcheck Ttotal Status Flags
r-devel-linux-x86_64-debian-clang 2.2.2 5.64 35.08 40.72 NOTE
r-devel-linux-x86_64-debian-gcc 2.2.2 3.95 25.82 29.77 NOTE
r-devel-linux-x86_64-fedora-clang 2.2.2 27.00 36.27 63.27 OK
r-devel-linux-x86_64-fedora-gcc 2.2.2 14.00 42.43 56.43 OK
r-devel-windows-x86_64 2.2.2 8.00 51.00 59.00 OK
r-patched-linux-x86_64 2.2.2 5.24 33.44 38.68 OK
r-release-linux-x86_64 2.2.2 4.71 33.15 37.86 OK
r-release-macos-arm64 2.2.2 4.00 19.00 23.00 OK
r-release-macos-x86_64 2.2.2 6.00 31.00 37.00 OK
r-release-windows-x86_64 2.2.2 8.00 55.00 63.00 OK
r-oldrel-macos-arm64 2.2.2 4.00 17.00 21.00 OK
r-oldrel-macos-x86_64 2.2.2 5.00 25.00 30.00 OK
r-oldrel-windows-x86_64 2.2.2 7.00 52.00 59.00 OK

Check Details

Version: 2.2.2
Check: CRAN incoming feasibility
Result: NOTE Maintainer: ‘Jeffrey L. Andrews <jeff.andrews@ubc.ca>’ No Authors@R field in DESCRIPTION. Please add one, modifying Authors@R: c(person(given = c("Jeffrey", "L."), family = "Andrews", role = c("aut", "cre"), email = "jeff.andrews@ubc.ca"), person(given = c("Jaymeson", "R."), family = "Wickins", role = "aut"), person(given = c("Nicholas", "M."), family = "Boers", role = "aut"), person(given = c("Paul", "D."), family = "McNicholas", role = "aut")) as necessary. Package CITATION file contains call(s) to old-style personList() or as.personList(). Please use c() on person objects instead. Package CITATION file contains call(s) to old-style citEntry(). Please use bibentry() instead. Flavors: r-devel-linux-x86_64-debian-clang, r-devel-linux-x86_64-debian-gcc