CRAN Package Check Results for Package tensorflow

Last updated on 2025-07-03 09:50:55 CEST.

Flavor Version Tinstall Tcheck Ttotal Status Flags
r-devel-linux-x86_64-debian-clang 2.16.0 9.39 73.21 82.60 NOTE
r-devel-linux-x86_64-debian-gcc 2.16.0 6.38 53.61 59.99 NOTE
r-devel-linux-x86_64-fedora-clang 2.16.0 124.83 OK
r-devel-linux-x86_64-fedora-gcc 2.16.0 120.06 OK
r-devel-windows-x86_64 2.16.0 10.00 84.00 94.00 NOTE
r-patched-linux-x86_64 2.16.0 9.31 69.79 79.10 NOTE
r-release-linux-x86_64 2.16.0 7.83 68.39 76.22 NOTE
r-release-macos-arm64 2.16.0 44.00 OK
r-release-macos-x86_64 2.16.0 78.00 OK
r-release-windows-x86_64 2.16.0 11.00 85.00 96.00 NOTE
r-oldrel-macos-arm64 2.16.0 40.00 OK
r-oldrel-macos-x86_64 2.16.0 55.00 OK
r-oldrel-windows-x86_64 2.16.0 14.00 104.00 118.00 OK

Check Details

Version: 2.16.0
Check: Rd cross-references
Result: NOTE Found the following Rd file(s) with Rd \link{} targets missing package anchors: parse_arguments.Rd: yaml.load Please provide package anchors for all Rd \link{} targets not in the package itself and the base packages. Flavors: r-devel-linux-x86_64-debian-clang, r-devel-linux-x86_64-debian-gcc, r-devel-windows-x86_64, r-patched-linux-x86_64, r-release-linux-x86_64, r-release-windows-x86_64