Last updated on 2025-10-22 09:50:54 CEST.
Flavor | Version | Tinstall | Tcheck | Ttotal | Status | Flags |
---|---|---|---|---|---|---|
r-devel-linux-x86_64-debian-clang | 1.0.2 | 3.18 | 181.95 | 185.13 | NOTE | |
r-devel-linux-x86_64-debian-gcc | 1.0.2 | 2.52 | 111.30 | 113.82 | NOTE | |
r-devel-linux-x86_64-fedora-clang | 1.0.2 | 16.00 | 284.69 | 300.69 | OK | |
r-devel-linux-x86_64-fedora-gcc | 1.0.2 | 308.04 | OK | |||
r-devel-windows-x86_64 | 1.0.2 | 6.00 | 188.00 | 194.00 | OK | |
r-patched-linux-x86_64 | 1.0.2 | 4.32 | 170.90 | 175.22 | OK | |
r-release-linux-x86_64 | 1.0.2 | 3.14 | 171.48 | 174.62 | OK | |
r-release-macos-arm64 | 1.0.2 | 2.00 | 131.00 | 133.00 | OK | |
r-release-macos-x86_64 | 1.0.2 | 3.00 | 241.00 | 244.00 | OK | |
r-release-windows-x86_64 | 1.0.2 | 6.00 | 188.00 | 194.00 | OK | |
r-oldrel-macos-arm64 | 1.0.2 | 2.00 | 128.00 | 130.00 | OK | |
r-oldrel-macos-x86_64 | 1.0.2 | 3.00 | 235.00 | 238.00 | OK | |
r-oldrel-windows-x86_64 | 1.0.2 | 7.00 | 260.00 | 267.00 | OK |
Version: 1.0.2
Check: HTML version of manual
Result: NOTE
Found the following HTML validation problems:
tsum.html:50:1 (tsum.Rd:12): Warning: missing </ul> before </div>
Flavors: r-devel-linux-x86_64-debian-clang, r-devel-linux-x86_64-debian-gcc