CRAN Package Check Results for Package textreg

Last updated on 2025-10-22 09:50:54 CEST.

Flavor Version Tinstall Tcheck Ttotal Status Flags
r-devel-linux-x86_64-debian-clang 0.1.5 15.93 69.33 85.26 NOTE
r-devel-linux-x86_64-debian-gcc 0.1.5 13.32 60.25 73.57 NOTE
r-devel-linux-x86_64-fedora-clang 0.1.5 91.00 44.61 135.61 NOTE
r-devel-linux-x86_64-fedora-gcc 0.1.5 48.00 97.94 145.94 NOTE
r-devel-windows-x86_64 0.1.5 22.00 137.00 159.00 NOTE
r-patched-linux-x86_64 0.1.5 18.99 66.49 85.48 NOTE
r-release-linux-x86_64 0.1.5 18.27 66.36 84.63 NOTE
r-release-macos-arm64 0.1.5 8.00 42.00 50.00 NOTE
r-release-macos-x86_64 0.1.5 15.00 82.00 97.00 NOTE
r-release-windows-x86_64 0.1.5 23.00 137.00 160.00 NOTE
r-oldrel-macos-arm64 0.1.5 7.00 37.00 44.00 NOTE
r-oldrel-macos-x86_64 0.1.5 13.00 70.00 83.00 NOTE
r-oldrel-windows-x86_64 0.1.5 27.00 149.00 176.00 NOTE

Check Details

Version: 0.1.5
Check: CRAN incoming feasibility
Result: NOTE Maintainer: ‘Luke Miratrix <lmiratrix@stat.harvard.edu>’ No Authors@R field in DESCRIPTION. Please add one, modifying Authors@R: person(given = "Luke", family = "Miratrix", role = c("aut", "cre"), email = "lmiratrix@stat.harvard.edu") as necessary. Flavors: r-devel-linux-x86_64-debian-clang, r-devel-linux-x86_64-debian-gcc

Version: 0.1.5
Check: Rd files
Result: NOTE checkRd: (-1) make.phrase.matrix.Rd:20: Lost braces 20 | \\tabular{rrrrr}{ | ^ checkRd: (-1) make.phrase.matrix.Rd:20-23: Lost braces 20 | \\tabular{rrrrr}{ | ^ Flavors: r-devel-linux-x86_64-debian-clang, r-devel-linux-x86_64-debian-gcc, r-devel-linux-x86_64-fedora-clang, r-devel-linux-x86_64-fedora-gcc, r-devel-windows-x86_64, r-patched-linux-x86_64, r-release-linux-x86_64, r-release-macos-arm64, r-release-macos-x86_64, r-release-windows-x86_64, r-oldrel-macos-arm64, r-oldrel-macos-x86_64, r-oldrel-windows-x86_64

Version: 0.1.5
Check: HTML version of manual
Result: NOTE Found the following HTML validation problems: make_search_phrases.html:48:1 (make_search_phrases.Rd:11): Warning: missing </ul> before </div> phrase.matrix.html:51:1 (phrase.matrix.Rd:12): Warning: missing </ul> before </div> save.corpus.to.files.html:55:1 (save.corpus.to.files.Rd:12): Warning: missing </ul> before </div> Flavors: r-devel-linux-x86_64-debian-clang, r-devel-linux-x86_64-debian-gcc