Last updated on 2025-10-22 09:50:54 CEST.
Flavor | Version | Tinstall | Tcheck | Ttotal | Status | Flags |
---|---|---|---|---|---|---|
r-devel-linux-x86_64-debian-clang | 0.2.0 | 25.20 | 42.29 | 67.49 | NOTE | |
r-devel-linux-x86_64-debian-gcc | 0.2.0 | 18.41 | 32.13 | 50.54 | NOTE | |
r-devel-linux-x86_64-fedora-clang | 0.2.0 | 81.00 | 32.94 | 113.94 | OK | |
r-devel-linux-x86_64-fedora-gcc | 0.2.0 | 52.00 | 55.71 | 107.71 | OK | |
r-devel-windows-x86_64 | 0.2.0 | 31.00 | 91.00 | 122.00 | OK | |
r-patched-linux-x86_64 | 0.2.0 | 27.06 | 38.29 | 65.35 | OK | |
r-release-linux-x86_64 | 0.2.0 | 28.11 | 38.99 | 67.10 | OK | |
r-release-macos-arm64 | 0.2.0 | 10.00 | 27.00 | 37.00 | OK | |
r-release-macos-x86_64 | 0.2.0 | 13.00 | 45.00 | 58.00 | OK | |
r-release-windows-x86_64 | 0.2.0 | 30.00 | 102.00 | 132.00 | OK | |
r-oldrel-macos-arm64 | 0.2.0 | 10.00 | 29.00 | 39.00 | OK | |
r-oldrel-macos-x86_64 | 0.2.0 | 11.00 | 47.00 | 58.00 | OK | |
r-oldrel-windows-x86_64 | 0.2.0 | 36.00 | 105.00 | 141.00 | OK |
Version: 0.2.0
Check: HTML version of manual
Result: NOTE
Found the following HTML validation problems:
download.html:81:1 (download.Rd:35): Warning: missing </ul> before </div>
Flavors: r-devel-linux-x86_64-debian-clang, r-devel-linux-x86_64-debian-gcc