Last updated on 2025-10-22 09:50:54 CEST.
Flavor | Version | Tinstall | Tcheck | Ttotal | Status | Flags |
---|---|---|---|---|---|---|
r-devel-linux-x86_64-debian-clang | 0.1.9 | 15.72 | 91.50 | 107.22 | NOTE | |
r-devel-linux-x86_64-debian-gcc | 0.1.9 | 11.05 | 65.46 | 76.51 | NOTE | |
r-devel-linux-x86_64-fedora-clang | 0.1.9 | 56.00 | 120.74 | 176.74 | OK | |
r-devel-linux-x86_64-fedora-gcc | 0.1.9 | 30.00 | 148.66 | 178.66 | OK | |
r-devel-windows-x86_64 | 0.1.9 | 24.00 | 121.00 | 145.00 | OK | |
r-patched-linux-x86_64 | 0.1.9 | 13.91 | 85.76 | 99.67 | OK | |
r-release-linux-x86_64 | 0.1.9 | 16.18 | 86.30 | 102.48 | OK | |
r-release-macos-arm64 | 0.1.9 | 9.00 | 69.00 | 78.00 | OK | |
r-release-macos-x86_64 | 0.1.9 | 23.00 | 114.00 | 137.00 | OK | |
r-release-windows-x86_64 | 0.1.9 | 24.00 | 119.00 | 143.00 | OK | |
r-oldrel-macos-arm64 | 0.1.9 | 7.00 | 50.00 | 57.00 | OK | |
r-oldrel-macos-x86_64 | 0.1.9 | 12.00 | 96.00 | 108.00 | OK | |
r-oldrel-windows-x86_64 | 0.1.9 | 29.00 | 151.00 | 180.00 | OK |
Version: 0.1.9
Check: HTML version of manual
Result: NOTE
Found the following HTML validation problems:
getters.html:54:1 (getters.Rd:23): Warning: missing </ul> before </div>
new_tbl_time.html:62:1 (new_tbl_time.Rd:18): Warning: missing </ul> before </div>
posixct_numeric_to_datetime.html:59:1 (posixct_numeric_to_datetime.Rd:17): Warning: missing </ul> before </div>
reconstruct.html:52:1 (reconstruct.Rd:12): Warning: missing </ul> before </div>
Flavors: r-devel-linux-x86_64-debian-clang, r-devel-linux-x86_64-debian-gcc