Last updated on 2025-07-04 09:50:07 CEST.
Flavor | Version | Tinstall | Tcheck | Ttotal | Status | Flags |
---|---|---|---|---|---|---|
r-devel-linux-x86_64-debian-clang | 0.1.0 | 10.77 | 88.35 | 99.12 | NOTE | |
r-devel-linux-x86_64-debian-gcc | 0.1.0 | 7.12 | 61.02 | 68.14 | NOTE | |
r-devel-linux-x86_64-fedora-clang | 0.1.0 | 140.69 | NOTE | |||
r-devel-linux-x86_64-fedora-gcc | 0.1.0 | 133.02 | NOTE | |||
r-devel-windows-x86_64 | 0.1.0 | 14.00 | 92.00 | 106.00 | NOTE | |
r-patched-linux-x86_64 | 0.1.0 | 9.22 | 77.85 | 87.07 | NOTE | |
r-release-linux-x86_64 | 0.1.0 | 10.15 | 78.36 | 88.51 | NOTE | |
r-release-macos-arm64 | 0.1.0 | 41.00 | OK | |||
r-release-macos-x86_64 | 0.1.0 | 95.00 | OK | |||
r-release-windows-x86_64 | 0.1.0 | 12.00 | 92.00 | 104.00 | NOTE | |
r-oldrel-macos-arm64 | 0.1.0 | 43.00 | OK | |||
r-oldrel-macos-x86_64 | 0.1.0 | 97.00 | OK | |||
r-oldrel-windows-x86_64 | 0.1.0 | 16.00 | 113.00 | 129.00 | OK |
Version: 0.1.0
Check: Rd cross-references
Result: NOTE
Found the following Rd file(s) with Rd \link{} targets missing package
anchors:
group_by.Rd: group_by_drop_default
Please provide package anchors for all Rd \link{} targets not in the
package itself and the base packages.
Flavors: r-devel-linux-x86_64-debian-clang, r-devel-linux-x86_64-debian-gcc, r-devel-windows-x86_64, r-patched-linux-x86_64, r-release-linux-x86_64, r-release-windows-x86_64
Version: 0.1.0
Check: dependencies in R code
Result: NOTE
Namespace in Imports field not imported from: ‘reticulate’
All declared Imports should be used.
Flavors: r-devel-linux-x86_64-fedora-clang, r-devel-linux-x86_64-fedora-gcc