CRAN Package Check Results for Package tm

Last updated on 2025-07-04 09:50:07 CEST.

Flavor Version Tinstall Tcheck Ttotal Status Flags
r-devel-linux-x86_64-debian-clang 0.7-16 20.22 62.62 82.84 OK
r-devel-linux-x86_64-debian-gcc 0.7-16 14.55 45.88 60.43 OK
r-devel-linux-x86_64-fedora-clang 0.7-16 133.13 OK
r-devel-linux-x86_64-fedora-gcc 0.7-16 144.42 OK
r-devel-windows-x86_64 0.7-16 28.00 131.00 159.00 OK
r-patched-linux-x86_64 0.7-16 22.89 59.01 81.90 OK
r-release-linux-x86_64 0.7-16 20.00 58.72 78.72 OK
r-release-macos-arm64 0.7-16 57.00 OK
r-release-macos-x86_64 0.7-16 91.00 OK
r-release-windows-x86_64 0.7-16 29.00 140.00 169.00 OK
r-oldrel-macos-arm64 0.7-16 79.00 NOTE
r-oldrel-macos-x86_64 0.7-16 147.00 NOTE
r-oldrel-windows-x86_64 0.7-16 32.00 147.00 179.00 NOTE

Check Details

Version: 0.7-16
Check: package dependencies
Result: NOTE Packages suggested but not available for checking: 'Rcampdf', 'tm.lexicon.GeneralInquirer' Flavors: r-oldrel-macos-arm64, r-oldrel-macos-x86_64, r-oldrel-windows-x86_64