Last updated on 2025-10-22 09:50:56 CEST.
Flavor | Version | Tinstall | Tcheck | Ttotal | Status | Flags |
---|---|---|---|---|---|---|
r-devel-linux-x86_64-debian-clang | 0.3.1 | 28.24 | 51.76 | 80.00 | NOTE | |
r-devel-linux-x86_64-debian-gcc | 0.3.1 | 19.61 | 36.98 | 56.59 | NOTE | |
r-devel-linux-x86_64-fedora-clang | 0.3.1 | 180.00 | -39.45 | 140.55 | OK | |
r-devel-linux-x86_64-fedora-gcc | 0.3.1 | 63.00 | 66.76 | 129.76 | OK | |
r-devel-windows-x86_64 | 0.3.1 | 36.00 | 84.00 | 120.00 | OK | |
r-patched-linux-x86_64 | 0.3.1 | 30.32 | 49.00 | 79.32 | OK | |
r-release-linux-x86_64 | 0.3.1 | 30.77 | 47.25 | 78.02 | OK | |
r-release-macos-arm64 | 0.3.1 | 14.00 | 27.00 | 41.00 | OK | |
r-release-macos-x86_64 | 0.3.1 | 31.00 | 51.00 | 82.00 | OK | |
r-release-windows-x86_64 | 0.3.1 | 36.00 | 91.00 | 127.00 | OK | |
r-oldrel-macos-arm64 | 0.3.1 | 15.00 | 31.00 | 46.00 | OK | |
r-oldrel-macos-x86_64 | 0.3.1 | 26.00 | 47.00 | 73.00 | OK | |
r-oldrel-windows-x86_64 | 0.3.1 | 43.00 | 106.00 | 149.00 | OK |
Version: 0.3.1
Check: HTML version of manual
Result: NOTE
Found the following HTML validation problems:
accumulate_networks.html:68:1 (accumulate_networks.Rd:24): Warning: missing </ul> before </div>
choose_two.html:46:1 (choose_two.Rd:10): Warning: missing </ul> before </div>
Flavors: r-devel-linux-x86_64-debian-clang, r-devel-linux-x86_64-debian-gcc