Last updated on 2025-10-24 09:50:22 CEST.
| Flavor | Version | Tinstall | Tcheck | Ttotal | Status | Flags |
|---|---|---|---|---|---|---|
| r-devel-linux-x86_64-debian-clang | 1.0 | 1.51 | 17.28 | 18.79 | NOTE | |
| r-devel-linux-x86_64-debian-gcc | 1.0 | 1.30 | 14.18 | 15.48 | NOTE | |
| r-devel-linux-x86_64-fedora-clang | 1.0 | 28.66 | OK | |||
| r-devel-linux-x86_64-fedora-gcc | 1.0 | 25.78 | OK | |||
| r-devel-windows-x86_64 | 1.0 | 2.00 | 32.00 | 34.00 | OK | |
| r-patched-linux-x86_64 | 1.0 | 1.49 | 16.38 | 17.87 | OK | |
| r-release-linux-x86_64 | 1.0 | 1.58 | 16.41 | 17.99 | OK | |
| r-release-macos-arm64 | 1.0 | 1.00 | 13.00 | 14.00 | OK | |
| r-release-macos-x86_64 | 1.0 | 1.00 | 19.00 | 20.00 | OK | |
| r-release-windows-x86_64 | 1.0 | 4.00 | 36.00 | 40.00 | OK | |
| r-oldrel-macos-arm64 | 1.0 | 1.00 | 14.00 | 15.00 | OK | |
| r-oldrel-macos-x86_64 | 1.0 | 1.00 | 17.00 | 18.00 | OK | |
| r-oldrel-windows-x86_64 | 1.0 | 2.00 | 33.00 | 35.00 | OK |
Version: 1.0
Check: CRAN incoming feasibility
Result: NOTE
Maintainer: ‘Mahmoud Mosalman Yazdi <m.mosalman@gmail.com>’
No Authors@R field in DESCRIPTION.
Please add one, modifying
Authors@R: person(given = c("Mahmoud", "Mosalman"),
family = "Yazdi",
role = c("aut", "cre"),
email = "m.mosalman@gmail.com")
as necessary.
Flavors: r-devel-linux-x86_64-debian-clang, r-devel-linux-x86_64-debian-gcc