Last updated on 2025-10-22 09:50:56 CEST.
Flavor | Version | Tinstall | Tcheck | Ttotal | Status | Flags |
---|---|---|---|---|---|---|
r-devel-linux-x86_64-debian-clang | 1.0.8 | 124.22 | 256.46 | 380.68 | NOTE | |
r-devel-linux-x86_64-debian-gcc | 1.0.8 | 117.78 | 181.75 | 299.53 | NOTE | |
r-devel-linux-x86_64-fedora-clang | 1.0.8 | 443.00 | 157.36 | 600.36 | OK | |
r-devel-linux-x86_64-fedora-gcc | 1.0.8 | 397.00 | 301.00 | 698.00 | OK | |
r-devel-windows-x86_64 | 1.0.8 | 127.00 | 319.00 | 446.00 | OK | |
r-patched-linux-x86_64 | 1.0.8 | 154.93 | 245.17 | 400.10 | OK | |
r-release-linux-x86_64 | 1.0.8 | 154.80 | 243.98 | 398.78 | OK | |
r-release-macos-arm64 | 1.0.8 | 59.00 | 125.00 | 184.00 | OK | |
r-release-macos-x86_64 | 1.0.8 | 123.00 | 277.00 | 400.00 | OK | |
r-release-windows-x86_64 | 1.0.8 | 131.00 | 327.00 | 458.00 | OK | |
r-oldrel-macos-arm64 | 1.0.8 | 55.00 | 130.00 | 185.00 | NOTE | |
r-oldrel-macos-x86_64 | 1.0.8 | 116.00 | 268.00 | 384.00 | NOTE | |
r-oldrel-windows-x86_64 | 1.0.8 | 160.00 | 391.00 | 551.00 | NOTE |
Version: 1.0.8
Check: HTML version of manual
Result: NOTE
Found the following HTML validation problems:
plot_ci.html:104:1 (plot_ci.Rd:48): Warning: missing </ul> before </div>
predict.tramTMB.html:80:1 (predict.tramTMB.Rd:31): Warning: missing </ul> before </div>
Flavors: r-devel-linux-x86_64-debian-clang, r-devel-linux-x86_64-debian-gcc
Version: 1.0.8
Check: installed package size
Result: NOTE
installed size is 69.2Mb
sub-directories of 1Mb or more:
doc 2.3Mb
libs 66.3Mb
Flavors: r-oldrel-macos-arm64, r-oldrel-macos-x86_64, r-oldrel-windows-x86_64