Last updated on 2025-10-22 09:50:56 CEST.
Flavor | Version | Tinstall | Tcheck | Ttotal | Status | Flags |
---|---|---|---|---|---|---|
r-devel-linux-x86_64-debian-clang | 0.0.5 | 25.99 | 299.48 | 325.47 | NOTE | |
r-devel-linux-x86_64-debian-gcc | 0.0.5 | 19.61 | 207.88 | 227.49 | NOTE | |
r-devel-linux-x86_64-fedora-clang | 0.0.5 | 130.00 | 400.87 | 530.87 | OK | |
r-devel-linux-x86_64-fedora-gcc | 0.0.5 | 60.00 | 459.58 | 519.58 | OK | |
r-devel-windows-x86_64 | 0.0.5 | 28.00 | 253.00 | 281.00 | OK | |
r-patched-linux-x86_64 | 0.0.5 | 26.27 | 283.39 | 309.66 | OK | |
r-release-linux-x86_64 | 0.0.5 | 25.41 | 285.94 | 311.35 | OK | |
r-release-macos-arm64 | 0.0.5 | 11.00 | 113.00 | 124.00 | OK | |
r-release-macos-x86_64 | 0.0.5 | 21.00 | 252.00 | 273.00 | OK | |
r-release-windows-x86_64 | 0.0.5 | 27.00 | 257.00 | 284.00 | OK | |
r-oldrel-macos-arm64 | 0.0.5 | 11.00 | 116.00 | 127.00 | OK | |
r-oldrel-macos-x86_64 | 0.0.5 | 18.00 | 192.00 | 210.00 | OK | |
r-oldrel-windows-x86_64 | 0.0.5 | 37.00 | 347.00 | 384.00 | OK |
Version: 0.0.5
Check: HTML version of manual
Result: NOTE
Found the following HTML validation problems:
get_leaf_position.html:53:1 (get_leaf_position.Rd:14): Warning: missing </ul> before </div>
makeClassProperties.html:52:1 (makeClassProperties.Rd:13): Warning: missing </ul> before </div>
print.treeda.html:51:1 (print.treeda.Rd:12): Warning: missing </ul> before </div>
print.treedacv.html:51:1 (print.treedacv.Rd:12): Warning: missing </ul> before </div>
Flavors: r-devel-linux-x86_64-debian-clang, r-devel-linux-x86_64-debian-gcc