Last updated on 2025-10-22 09:50:56 CEST.
Flavor | Version | Tinstall | Tcheck | Ttotal | Status | Flags |
---|---|---|---|---|---|---|
r-devel-linux-x86_64-debian-clang | 0.2.1 | 6.42 | 242.62 | 249.04 | NOTE | |
r-devel-linux-x86_64-debian-gcc | 0.2.1 | 4.82 | 183.09 | 187.91 | NOTE | |
r-devel-linux-x86_64-fedora-clang | 0.2.1 | 40.00 | 358.68 | 398.68 | OK | |
r-devel-linux-x86_64-fedora-gcc | 0.2.1 | 13.00 | 379.67 | 392.67 | OK | |
r-devel-windows-x86_64 | 0.2.1 | 8.00 | 219.00 | 227.00 | OK | |
r-patched-linux-x86_64 | 0.2.1 | 7.21 | 230.03 | 237.24 | OK | |
r-release-linux-x86_64 | 0.2.1 | 5.79 | 229.04 | 234.83 | OK | |
r-release-macos-arm64 | 0.2.1 | 3.00 | 134.00 | 137.00 | OK | |
r-release-macos-x86_64 | 0.2.1 | 5.00 | 214.00 | 219.00 | OK | |
r-release-windows-x86_64 | 0.2.1 | 11.00 | 223.00 | 234.00 | OK | |
r-oldrel-macos-arm64 | 0.2.1 | 3.00 | 134.00 | 137.00 | OK | |
r-oldrel-macos-x86_64 | 0.2.1 | 4.00 | 194.00 | 198.00 | OK | |
r-oldrel-windows-x86_64 | 0.2.1 | 10.00 | 295.00 | 305.00 | OK |
Version: 0.2.1
Check: HTML version of manual
Result: NOTE
Found the following HTML validation problems:
get_cols.html:56:1 (get_cols.Rd:16): Warning: missing </ul> before </div>
print.ggHeatTree.html:64:1 (print.ggHeatTree.Rd:19): Warning: missing </ul> before </div>
Flavors: r-devel-linux-x86_64-debian-clang, r-devel-linux-x86_64-debian-gcc