Last updated on 2025-07-03 09:50:56 CEST.
Flavor | Version | Tinstall | Tcheck | Ttotal | Status | Flags |
---|---|---|---|---|---|---|
r-devel-linux-x86_64-debian-clang | 1.0.3 | 101.43 | 537.31 | 638.74 | OK | |
r-devel-linux-x86_64-debian-gcc | 1.0.3 | 86.31 | 332.41 | 418.72 | OK | |
r-devel-linux-x86_64-fedora-clang | 1.0.3 | 1078.62 | OK | |||
r-devel-linux-x86_64-fedora-gcc | 1.0.3 | 1141.35 | OK | |||
r-devel-windows-x86_64 | 1.0.3 | 106.00 | 524.00 | 630.00 | OK | |
r-patched-linux-x86_64 | 1.0.3 | 122.79 | 531.45 | 654.24 | OK | |
r-release-linux-x86_64 | 1.0.3 | 114.97 | 524.27 | 639.24 | OK | |
r-release-macos-arm64 | 1.0.3 | 158.00 | OK | |||
r-release-macos-x86_64 | 1.0.3 | 316.00 | OK | |||
r-release-windows-x86_64 | 1.0.3 | 114.00 | 545.00 | 659.00 | OK | |
r-oldrel-macos-arm64 | 1.0.3 | 183.00 | NOTE | |||
r-oldrel-macos-x86_64 | 1.0.3 | 344.00 | NOTE | |||
r-oldrel-windows-x86_64 | 1.0.3 | 132.00 | 733.00 | 865.00 | NOTE |
Version: 1.0.3
Check: installed package size
Result: NOTE
installed size is 45.7Mb
sub-directories of 1Mb or more:
libs 45.0Mb
Flavors: r-oldrel-macos-arm64, r-oldrel-macos-x86_64, r-oldrel-windows-x86_64