Last updated on 2025-10-22 09:50:57 CEST.
Flavor | Version | Tinstall | Tcheck | Ttotal | Status | Flags |
---|---|---|---|---|---|---|
r-devel-linux-x86_64-debian-clang | 2025.1 | 8.10 | 105.35 | 113.45 | NOTE | |
r-devel-linux-x86_64-debian-gcc | 2025.1 | 6.65 | 73.47 | 80.12 | NOTE | |
r-devel-linux-x86_64-fedora-clang | 2025.1 | 49.00 | 137.95 | 186.95 | OK | |
r-devel-linux-x86_64-fedora-gcc | 2025.1 | 17.00 | 168.42 | 185.42 | OK | |
r-devel-windows-x86_64 | 2025.1 | 9.00 | 125.00 | 134.00 | OK | |
r-patched-linux-x86_64 | 2025.1 | 9.07 | 100.91 | 109.98 | OK | |
r-release-linux-x86_64 | 2025.1 | 9.02 | 99.76 | 108.78 | OK | |
r-release-macos-arm64 | 2025.1 | 5.00 | 58.00 | 63.00 | OK | |
r-release-macos-x86_64 | 2025.1 | 7.00 | 114.00 | 121.00 | OK | |
r-release-windows-x86_64 | 2025.1 | 10.00 | 129.00 | 139.00 | OK | |
r-oldrel-macos-arm64 | 2025.1 | 3.00 | 59.00 | 62.00 | OK | |
r-oldrel-macos-x86_64 | 2025.1 | 7.00 | 134.00 | 141.00 | OK | |
r-oldrel-windows-x86_64 | 2025.1 | 13.00 | 165.00 | 178.00 | OK |
Version: 2025.1
Check: HTML version of manual
Result: NOTE
Found the following HTML validation problems:
internal.html:74:1 (internal.Rd:31): Warning: missing </ul> before </div>
Flavors: r-devel-linux-x86_64-debian-clang, r-devel-linux-x86_64-debian-gcc