CRAN Package Check Results for Package univOutl

Last updated on 2025-07-03 09:50:56 CEST.

Flavor Version Tinstall Tcheck Ttotal Status Flags
r-devel-linux-x86_64-debian-clang 0.4 7.44 56.37 63.81 NOTE
r-devel-linux-x86_64-debian-gcc 0.4 4.76 41.87 46.63 NOTE
r-devel-linux-x86_64-fedora-clang 0.4 102.26 OK
r-devel-linux-x86_64-fedora-gcc 0.4 103.54 OK
r-devel-windows-x86_64 0.4 10.00 76.00 86.00 OK
r-patched-linux-x86_64 0.4 6.41 53.55 59.96 OK
r-release-linux-x86_64 0.4 6.86 53.20 60.06 OK
r-release-macos-arm64 0.4 30.00 OK
r-release-macos-x86_64 0.4 51.00 OK
r-release-windows-x86_64 0.4 10.00 79.00 89.00 OK
r-oldrel-macos-arm64 0.4 30.00 OK
r-oldrel-macos-x86_64 0.4 43.00 OK
r-oldrel-windows-x86_64 0.4 12.00 90.00 102.00 OK

Check Details

Version: 0.4
Check: CRAN incoming feasibility
Result: NOTE Maintainer: ‘Marcello D'Orazio <mdo.statmatch@gmail.com>’ No Authors@R field in DESCRIPTION. Please add one, modifying Authors@R: person(given = "Marcello", family = "D'Orazio", role = c("aut", "cre"), email = "mdo.statmatch@gmail.com") as necessary. Flavors: r-devel-linux-x86_64-debian-clang, r-devel-linux-x86_64-debian-gcc