CRAN Package Check Results for Package ushr

Last updated on 2025-07-04 09:50:08 CEST.

Flavor Version Tinstall Tcheck Ttotal Status Flags
r-devel-linux-x86_64-debian-clang 0.2.3 7.82 81.79 89.61 NOTE
r-devel-linux-x86_64-debian-gcc 0.2.3 4.59 57.09 61.68 NOTE
r-devel-linux-x86_64-fedora-clang 0.2.3 151.06 OK
r-devel-linux-x86_64-fedora-gcc 0.2.3 161.58 OK
r-devel-windows-x86_64 0.2.3 10.00 93.00 103.00 OK
r-patched-linux-x86_64 0.2.3 7.43 77.70 85.13 OK
r-release-linux-x86_64 0.2.3 6.75 77.55 84.30 OK
r-release-macos-arm64 0.2.3 43.00 OK
r-release-macos-x86_64 0.2.3 87.00 OK
r-release-windows-x86_64 0.2.3 9.00 95.00 104.00 OK
r-oldrel-macos-arm64 0.2.3 41.00 OK
r-oldrel-macos-x86_64 0.2.3 64.00 OK
r-oldrel-windows-x86_64 0.2.3 11.00 124.00 135.00 OK

Check Details

Version: 0.2.3
Check: CRAN incoming feasibility
Result: NOTE Maintainer: ‘Sinead E. Morris <sinead.morris@columbia.edu>’ Package CITATION file contains call(s) to old-style citEntry(). Please use bibentry() instead. Flavors: r-devel-linux-x86_64-debian-clang, r-devel-linux-x86_64-debian-gcc