Last updated on 2025-07-03 09:50:56 CEST.
Flavor | Version | Tinstall | Tcheck | Ttotal | Status | Flags |
---|---|---|---|---|---|---|
r-devel-linux-x86_64-debian-clang | 0.2.3 | 87.43 | 231.11 | 318.54 | OK | |
r-devel-linux-x86_64-debian-gcc | 0.2.3 | 60.99 | 224.09 | 285.08 | OK | |
r-devel-linux-x86_64-fedora-clang | 0.2.3 | 494.71 | OK | |||
r-devel-linux-x86_64-fedora-gcc | 0.2.3 | 516.81 | OK | |||
r-devel-windows-x86_64 | 0.2.3 | 93.00 | 250.00 | 343.00 | OK | |
r-patched-linux-x86_64 | 0.2.3 | 90.60 | 228.58 | 319.18 | OK | |
r-release-linux-x86_64 | 0.2.3 | 87.61 | 228.46 | 316.07 | OK | |
r-release-macos-arm64 | 0.2.3 | 159.00 | OK | |||
r-release-macos-x86_64 | 0.2.3 | 285.00 | OK | |||
r-release-windows-x86_64 | 0.2.3 | 99.00 | 255.00 | 354.00 | OK | |
r-oldrel-macos-arm64 | 0.2.3 | 155.00 | NOTE | |||
r-oldrel-macos-x86_64 | 0.2.3 | 245.00 | NOTE | |||
r-oldrel-windows-x86_64 | 0.2.3 | 114.00 | 332.00 | 446.00 | OK |
Version: 0.2.3
Check: installed package size
Result: NOTE
installed size is 16.6Mb
sub-directories of 1Mb or more:
libs 15.6Mb
Flavors: r-oldrel-macos-arm64, r-oldrel-macos-x86_64