CRAN Package Check Results for Package vDiveR

Last updated on 2025-10-22 09:50:57 CEST.

Flavor Version Tinstall Tcheck Ttotal Status Flags
r-devel-linux-x86_64-debian-clang 2.1.0 10.12 101.03 111.15 NOTE
r-devel-linux-x86_64-debian-gcc 2.1.0 6.78 66.80 73.58 NOTE
r-devel-linux-x86_64-fedora-clang 2.1.0 56.00 119.95 175.95 NOTE
r-devel-linux-x86_64-fedora-gcc 2.1.0 21.00 134.07 155.07 NOTE
r-devel-windows-x86_64 2.1.0 12.00 100.00 112.00 OK
r-patched-linux-x86_64 2.1.0 10.11 92.59 102.70 OK
r-release-linux-x86_64 2.1.0 9.04 91.79 100.83 OK
r-release-macos-arm64 2.1.0 5.00 33.00 38.00 OK
r-release-macos-x86_64 2.1.0 10.00 78.00 88.00 OK
r-release-windows-x86_64 2.1.0 12.00 100.00 112.00 OK
r-oldrel-macos-arm64 2.1.0 5.00 36.00 41.00 OK
r-oldrel-macos-x86_64 2.1.0 10.00 86.00 96.00 OK
r-oldrel-windows-x86_64 2.1.0 15.00 121.00 136.00 OK

Check Details

Version: 2.1.0
Check: HTML version of manual
Result: NOTE Found the following HTML validation problems: extract_from_GISAID.html:46:1 (extract_from_GISAID.Rd:10): Warning: missing </ul> before </div> extract_from_NCBI.html:46:1 (extract_from_NCBI.Rd:10): Warning: missing </ul> before </div> match_region_to_target.html:54:1 (match_region_to_target.Rd:14): Warning: missing </ul> before </div> Flavors: r-devel-linux-x86_64-debian-clang, r-devel-linux-x86_64-debian-gcc

Version: 2.1.0
Check: dependencies in R code
Result: NOTE Namespace in Imports field not imported from: ‘maps’ All declared Imports should be used. Flavors: r-devel-linux-x86_64-fedora-clang, r-devel-linux-x86_64-fedora-gcc