Last updated on 2025-10-22 09:50:57 CEST.
Flavor | Version | Tinstall | Tcheck | Ttotal | Status | Flags |
---|---|---|---|---|---|---|
r-devel-linux-x86_64-debian-clang | 0.0.6 | 4.14 | 52.83 | 56.97 | OK | |
r-devel-linux-x86_64-debian-gcc | 0.0.6 | 2.69 | 35.81 | 38.50 | OK | |
r-devel-linux-x86_64-fedora-clang | 0.0.6 | 26.00 | 62.87 | 88.87 | NOTE | |
r-devel-linux-x86_64-fedora-gcc | 0.0.6 | 81.44 | NOTE | |||
r-devel-windows-x86_64 | 0.0.6 | 7.00 | 64.00 | 71.00 | OK | |
r-patched-linux-x86_64 | 0.0.6 | 3.75 | 48.12 | 51.87 | OK | |
r-release-linux-x86_64 | 0.0.6 | 3.74 | 48.68 | 52.42 | OK | |
r-release-macos-arm64 | 0.0.6 | 2.00 | 24.00 | 26.00 | OK | |
r-release-macos-x86_64 | 0.0.6 | 3.00 | 46.00 | 49.00 | OK | |
r-release-windows-x86_64 | 0.0.6 | 6.00 | 64.00 | 70.00 | OK | |
r-oldrel-macos-arm64 | 0.0.6 | 2.00 | 28.00 | 30.00 | OK | |
r-oldrel-macos-x86_64 | 0.0.6 | 3.00 | 45.00 | 48.00 | OK | |
r-oldrel-windows-x86_64 | 0.0.6 | 7.00 | 80.00 | 87.00 | OK |
Version: 0.0.6
Check: dependencies in R code
Result: NOTE
Namespaces in Imports field not imported from:
‘methods’ ‘survival’
All declared Imports should be used.
Flavors: r-devel-linux-x86_64-fedora-clang, r-devel-linux-x86_64-fedora-gcc